{"id":8288,"date":"2018-12-10T16:11:23","date_gmt":"2018-12-10T15:11:23","guid":{"rendered":"https:\/\/tradisom.com\/\/?post_type=product&#038;p=8288"},"modified":"2025-09-01T16:29:06","modified_gmt":"2025-09-01T15:29:06","slug":"o-piano-em-pessoa","status":"publish","type":"product","link":"https:\/\/tradisom.com\/en\/product\/o-piano-em-pessoa\/","title":{"rendered":"O Piano em Pessoa"},"content":{"rendered":"<p>Neste CD de Armando Nascimento Rosa e Ant\u00f3nio Neves da Silva, sentimos desde o primeiro momento a profunda verdade dessa alian\u00e7a indissol\u00favel entre os textos e as melodias que os sustentam, como se, de facto, ambas as realidades se ajustassem facilmente uma \u00e0 outra e aquelas palavras precisassem daqueles sons para nos dizerem o que nos t\u00eam a dizer, adquirindo assim uma dimens\u00e3o transfiguradora e mostrando-nos at\u00e9 que ponto m\u00fasica e poesia se tornam absolutamente indissoci\u00e1veis.<\/p>\n<p>O repert\u00f3rio escolhido para este \u00e1lbum resulta, quanto a mim, surpreendente, na medida em que, partindo do universo pessoano, consegue fazer coexistir, lado a lado, estilos musicais e po\u00e9ticos de diferentes proveni\u00eancias, ora mais eruditas, ora populares, e alargando a sua esfera a outras l\u00ednguas como o franc\u00eas ou o ingl\u00eas, mas mantendo ao mesmo tempo uma not\u00e1vel coer\u00eancia \u2013 coer\u00eancia essa que, al\u00e9m de musical, \u00e9 sobretudo emocional, j\u00e1 que a cada instante p\u00f5e em jogo emo\u00e7\u00f5es com que a poesia sempre lidou desde as suas mais remotas origens, mas sofrendo um processo de metamorfose que tanto passa pelo piano como pela voz, em modula\u00e7\u00f5es que ao princ\u00edpio alguns poder\u00e3o estranhar, mas que rapidamente se entranham no ouvido de quem as saiba escutar e se incorporam nisso a que podemos chamar a nossa mem\u00f3ria musical colectiva.<\/p>\n","protected":false},"excerpt":{"rendered":"<p><iframe loading=\"lazy\" src=\"https:\/\/w.soundcloud.com\/player\/?url=https%3A\/\/api.soundcloud.com\/playlists\/1456746013&amp;color=%23ff5500&amp;auto_play=false&amp;hide_related=false&amp;show_comments=true&amp;show_user=false&amp;show_reposts=false&amp;show_teaser=true\" width=\"100%\" height=\"450\" frameborder=\"no\" scrolling=\"no\"><\/iframe><\/p>\n<div style=\"font-size: 10px; color: #cccccc; line-break: anywhere; word-break: normal; overflow: hidden; white-space: nowrap; text-overflow: ellipsis; font-family: Interstate,Lucida Grande,Lucida Sans Unicode,Lucida Sans,Garuda,Verdana,Tahoma,sans-serif; font-weight: 100;\"><a style=\"color: #cccccc; text-decoration: none;\" title=\"Tradisom\" href=\"https:\/\/soundcloud.com\/tradisom\" target=\"_blank\" rel=\"noopener\">Tradisom<\/a> \u00b7 <a style=\"color: #cccccc; text-decoration: none;\" title=\"O piano em Pessoa\" href=\"https:\/\/soundcloud.com\/tradisom\/sets\/o-piano-em-pessoa\" target=\"_blank\" rel=\"noopener\">O piano em Pessoa<\/a><\/div>\n","protected":false},"featured_media":16855,"template":"","meta":[],"product_brand":[],"product_cat":[316,319,324,315],"product_tag":[],"class_list":{"0":"post-8288","1":"product","2":"type-product","3":"status-publish","4":"has-post-thumbnail","6":"product_cat-discos-tradisom","7":"product_cat-classica-discos-tradisom","8":"product_cat-poesia-discos-tradisom","9":"product_cat-tradisom","11":"first","12":"instock","13":"sale","14":"shipping-taxable","15":"purchasable","16":"product-type-simple"},"_links":{"self":[{"href":"https:\/\/tradisom.com\/en\/wp-json\/wp\/v2\/product\/8288","targetHints":{"allow":["GET"]}}],"collection":[{"href":"https:\/\/tradisom.com\/en\/wp-json\/wp\/v2\/product"}],"about":[{"href":"https:\/\/tradisom.com\/en\/wp-json\/wp\/v2\/types\/product"}],"wp:featuredmedia":[{"embeddable":true,"href":"https:\/\/tradisom.com\/en\/wp-json\/wp\/v2\/media\/16855"}],"wp:attachment":[{"href":"https:\/\/tradisom.com\/en\/wp-json\/wp\/v2\/media?parent=8288"}],"wp:term":[{"taxonomy":"product_brand","embeddable":true,"href":"https:\/\/tradisom.com\/en\/wp-json\/wp\/v2\/product_brand?post=8288"},{"taxonomy":"product_cat","embeddable":true,"href":"https:\/\/tradisom.com\/en\/wp-json\/wp\/v2\/product_cat?post=8288"},{"taxonomy":"product_tag","embeddable":true,"href":"https:\/\/tradisom.com\/en\/wp-json\/wp\/v2\/product_tag?post=8288"}],"curies":[{"name":"wp","href":"https:\/\/api.w.org\/{rel}","templated":true}]}}

<p>Neste CD de Armando Nascimento Rosa e António Neves da Silva, sentimos desde o primeiro momento a profunda verdade dessa aliança indissolúvel entre os textos e as melodias que os sustentam, como se, de facto, ambas as realidades se ajustassem facilmente uma à outra e aquelas palavras precisassem daqueles sons para nos dizerem o que nos têm a dizer, adquirindo assim uma dimensão transfiguradora e mostrando-nos até que ponto música e poesia se tornam absolutamente indissociáveis.</p>
<p>O repertório escolhido para este álbum resulta, quanto a mim, surpreendente, na medida em que, partindo do universo pessoano, consegue fazer coexistir, lado a lado, estilos musicais e poéticos de diferentes proveniências, ora mais eruditas, ora populares, e alargando a sua esfera a outras línguas como o francês ou o inglês, mas mantendo ao mesmo tempo uma notável coerência – coerência essa que, além de musical, é sobretudo emocional, já que a cada instante põe em jogo emoções com que a poesia sempre lidou desde as suas mais remotas origens, mas sofrendo um processo de metamorfose que tanto passa pelo piano como pela voz, em modulações que ao princípio alguns poderão estranhar, mas que rapidamente se entranham no ouvido de quem as saiba escutar e se incorporam nisso a que podemos chamar a nossa memória musical colectiva.</p>
