{"id":8228,"date":"2018-11-08T12:18:51","date_gmt":"2018-11-08T11:18:51","guid":{"rendered":"https:\/\/tradisom.com\/\/?post_type=product&#038;p=8228"},"modified":"2025-09-01T16:29:22","modified_gmt":"2025-09-01T15:29:22","slug":"coral-de-letras","status":"publish","type":"product","link":"https:\/\/tradisom.com\/en\/product\/coral-de-letras\/","title":{"rendered":"Fernando Lopes-Gra\u00e7a &#8211; Primeira Cantata de Natal"},"content":{"rendered":"<p>Uma cantata <em>a-cappella<\/em> n\u00e3o \u00e9 coisa comum de se ver. E, totalmente focada em mat\u00e9ria pr\u00e9-existente, popular ademais, ainda menos.<\/p>\n<p>Al\u00e9m disso, porque de trechos singulares se constitui esta, cada um desses trechos funciona lindamente sozinho. Mas ganha outro alcance, outras resson\u00e2ncias, outra dimens\u00e3o quando ocupa o lugar que o Compositor lhe atribu\u00edu na sua pessoal\u00edssima reconstitui\u00e7\u00e3o do modo como o povo de Portugal se assenhoreou da narrativa de Lucas sobre o nascimento do Menino. Sucedem-se, uns atr\u00e1s de outros, momentos tocantes de beleza, carregados do bucolismo que os mais positivos de n\u00f3s n\u00e3o deixam de associar \u00e0 quadra em que ocorre o solst\u00edcio dos dias curtos e frios, na roda das esta\u00e7\u00f5es. <em>Primeira Cantata do Natal<\/em>!<\/p>\n<p>&nbsp;<\/p>\n","protected":false},"excerpt":{"rendered":"<p><iframe loading=\"lazy\" src=\"https:\/\/w.soundcloud.com\/player\/?url=https%3A\/\/api.soundcloud.com\/playlists\/1456359349&amp;color=%23ff5500&amp;auto_play=false&amp;hide_related=false&amp;show_comments=true&amp;show_user=false&amp;show_reposts=false&amp;show_teaser=true\" width=\"100%\" height=\"450\" frameborder=\"no\" scrolling=\"no\"><\/iframe><\/p>\n<div style=\"font-size: 10px; color: #cccccc; line-break: anywhere; word-break: normal; overflow: hidden; white-space: nowrap; text-overflow: ellipsis; font-family: Interstate,Lucida Grande,Lucida Sans Unicode,Lucida Sans,Garuda,Verdana,Tahoma,sans-serif; font-weight: 100;\"><a style=\"color: #cccccc; text-decoration: none;\" title=\"Tradisom\" href=\"https:\/\/soundcloud.com\/tradisom\" target=\"_blank\" rel=\"noopener\">Tradisom<\/a> \u00b7 <a style=\"color: #cccccc; text-decoration: none;\" title=\"Fernando Lopes-Gra\u00e7a - Primeira Cantata do Natal\" href=\"https:\/\/soundcloud.com\/tradisom\/sets\/fernando-lopes-graca-primeira-cantata-do-natal\" target=\"_blank\" rel=\"noopener\">Fernando Lopes-Gra\u00e7a &#8211; Primeira Cantata do Natal<\/a><\/div>\n","protected":false},"featured_media":29696,"template":"","meta":[],"product_brand":[],"product_cat":[316,319,315],"product_tag":[],"class_list":{"0":"post-8228","1":"product","2":"type-product","3":"status-publish","4":"has-post-thumbnail","6":"product_cat-discos-tradisom","7":"product_cat-classica-discos-tradisom","8":"product_cat-tradisom","10":"first","11":"outofstock","12":"shipping-taxable","13":"purchasable","14":"product-type-simple"},"_links":{"self":[{"href":"https:\/\/tradisom.com\/en\/wp-json\/wp\/v2\/product\/8228","targetHints":{"allow":["GET"]}}],"collection":[{"href":"https:\/\/tradisom.com\/en\/wp-json\/wp\/v2\/product"}],"about":[{"href":"https:\/\/tradisom.com\/en\/wp-json\/wp\/v2\/types\/product"}],"wp:featuredmedia":[{"embeddable":true,"href":"https:\/\/tradisom.com\/en\/wp-json\/wp\/v2\/media\/29696"}],"wp:attachment":[{"href":"https:\/\/tradisom.com\/en\/wp-json\/wp\/v2\/media?parent=8228"}],"wp:term":[{"taxonomy":"product_brand","embeddable":true,"href":"https:\/\/tradisom.com\/en\/wp-json\/wp\/v2\/product_brand?post=8228"},{"taxonomy":"product_cat","embeddable":true,"href":"https:\/\/tradisom.com\/en\/wp-json\/wp\/v2\/product_cat?post=8228"},{"taxonomy":"product_tag","embeddable":true,"href":"https:\/\/tradisom.com\/en\/wp-json\/wp\/v2\/product_tag?post=8228"}],"curies":[{"name":"wp","href":"https:\/\/api.w.org\/{rel}","templated":true}]}}

Fernando Lopes-Graça &#8211; Primeira Cantata de Natal

<p>Uma cantata <em>a-cappella</em> não é coisa comum de se ver. E, totalmente focada em matéria pré-existente, popular ademais, ainda menos.</p>
<p>Além disso, porque de trechos singulares se constitui esta, cada um desses trechos funciona lindamente sozinho. Mas ganha outro alcance, outras ressonâncias, outra dimensão quando ocupa o lugar que o Compositor lhe atribuíu na sua pessoalíssima reconstituição do modo como o povo de Portugal se assenhoreou da narrativa de Lucas sobre o nascimento do Menino. Sucedem-se, uns atrás de outros, momentos tocantes de beleza, carregados do bucolismo que os mais positivos de nós não deixam de associar à quadra em que ocorre o solstício dos dias curtos e frios, na roda das estações. <em>Primeira Cantata do Natal</em>!</p>
<p>&nbsp;</p>

<p><iframe loading="lazy" src="https://w.soundcloud.com/player/?url=https%3A//api.soundcloud.com/playlists/1456359349&amp;color=%23ff5500&amp;auto_play=false&amp;hide_related=false&amp;show_comments=true&amp;show_user=false&amp;show_reposts=false&amp;show_teaser=true" width="100%" height="450" frameborder="no" scrolling="no"></iframe></p>
<div style="font-size: 10px; color: #cccccc; line-break: anywhere; word-break: normal; overflow: hidden; white-space: nowrap; text-overflow: ellipsis; font-family: Interstate,Lucida Grande,Lucida Sans Unicode,Lucida Sans,Garuda,Verdana,Tahoma,sans-serif; font-weight: 100;"><a style="color: #cccccc; text-decoration: none;" title="Tradisom" href="https://soundcloud.com/tradisom" target="_blank" rel="noopener">Tradisom</a> · <a style="color: #cccccc; text-decoration: none;" title="Fernando Lopes-Graça - Primeira Cantata do Natal" href="https://soundcloud.com/tradisom/sets/fernando-lopes-graca-primeira-cantata-do-natal" target="_blank" rel="noopener">Fernando Lopes-Graça &#8211; Primeira Cantata do Natal</a></div>
