{"id":680,"date":"2018-04-02T17:51:14","date_gmt":"2018-04-02T16:51:14","guid":{"rendered":"https:\/\/tradisom.com\/\/?post_type=product&#038;p=680"},"modified":"2025-09-01T18:22:25","modified_gmt":"2025-09-01T17:22:25","slug":"alentejo-vozes-e-esteticas-em-1939-40-armando-leca-cd3","status":"publish","type":"product","link":"https:\/\/tradisom.com\/en\/product\/alentejo-vozes-e-esteticas-em-1939-40-armando-leca-cd3\/","title":{"rendered":"Alentejo: Vozes e Est\u00e9ticas em 1939\/40 \u2013 Armando Le\u00e7a CD3"},"content":{"rendered":"<p>A edi\u00e7\u00e3o dos registos sonoros efetuados por Armando Le\u00e7a no continente portugu\u00eas, 1939-40, \u00e9 um marco na documenta\u00e7\u00e3o e estudo da m\u00fasica de matriz rural. Estes registos representam o primeiro levantamento sistem\u00e1tico da m\u00fasica rural que, conservados nos arquivos da RTP, permaneceram in\u00e9ditos e inacess\u00edveis durante mais de setenta anos. Gra\u00e7as \u00e0 iniciativa da etnomusic\u00f3loga Maria do Ros\u00e1rio Pestana, autora deste livro, e \u00e0 colabora\u00e7\u00e3o entre o Instituto Nacional de Etnomusicologia (n\u00facleo da Universidade de Aveiro), a R\u00e1dio Televis\u00e3o Portuguesa e o Arquivo Audiovisual de Viena, estes registos hist\u00f3ricos est\u00e3o agora dispon\u00edveis para as comunidades de origem, os m\u00fasicos e estudiosos e o p\u00fablico em geral.<br \/>\nDe valor patrimonial indiscut\u00edvel, os trechos musicais e as letras contidas nas grava\u00e7\u00f5es de Le\u00e7a encarnam a vida social, os valores, o conhecimento e a criatividade de indiv\u00edduos e grupos em diversas localidades.<br \/>\nOs registos sonoros coligidos por Armando Le\u00e7a constituem assim um valioso reposit\u00f3rio da mem\u00f3ria sonora do pa\u00eds, permitindo o estudo da m\u00fasica de matriz rural.<br \/>\nA sua edi\u00e7\u00e3o \u00e9 um contributo fundamental para o conhecimento da m\u00fasica e cultura portuguesas, num per\u00edodo que marcou a cultura expressiva em Portugal no s\u00e9culo XX.<\/p>\n","protected":false},"excerpt":{"rendered":"<p><strong>S\u00f3 em MP3<\/strong><\/p>\n<p><iframe loading=\"lazy\" src=\"https:\/\/w.soundcloud.com\/player\/?url=https%3A\/\/api.soundcloud.com\/playlists\/1364253913&amp;color=%23ff5500&amp;auto_play=false&amp;hide_related=false&amp;show_comments=true&amp;show_user=false&amp;show_reposts=false&amp;show_teaser=true\" width=\"100%\" height=\"450\" frameborder=\"no\" scrolling=\"no\"><\/iframe><\/p>\n<div style=\"font-size: 10px; color: #cccccc; line-break: anywhere; word-break: normal; overflow: hidden; white-space: nowrap; text-overflow: ellipsis; font-family: Interstate,Lucida Grande,Lucida Sans Unicode,Lucida Sans,Garuda,Verdana,Tahoma,sans-serif; font-weight: 100;\"><a style=\"color: #cccccc; text-decoration: none;\" title=\"Tradisom\" href=\"https:\/\/soundcloud.com\/tradisom\" target=\"_blank\" rel=\"noopener\">Tradisom<\/a> \u00b7 <a style=\"color: #cccccc; text-decoration: none;\" title=\"Alentejo: Vozes e Est\u00e9ticas em 1939\/40 CD3 - Armando Le\u00e7a\" href=\"https:\/\/soundcloud.com\/tradisom\/sets\/alentejo-vozes-e-esteticas-em-193940-cd3-armando-leca\" target=\"_blank\" rel=\"noopener\">Alentejo: Vozes e Est\u00e9ticas em 1939\/40 CD3 &#8211; Armando Le\u00e7a<\/a><\/div>\n","protected":false},"featured_media":16711,"template":"","meta":[],"product_brand":[],"product_cat":[380,315],"product_tag":[],"class_list":{"0":"post-680","1":"product","2":"type-product","3":"status-publish","4":"has-post-thumbnail","6":"product_cat-mp3","7":"product_cat-tradisom","9":"first","10":"instock","11":"downloadable","12":"virtual","13":"purchasable","14":"product-type-simple"},"_links":{"self":[{"href":"https:\/\/tradisom.com\/en\/wp-json\/wp\/v2\/product\/680","targetHints":{"allow":["GET"]}}],"collection":[{"href":"https:\/\/tradisom.com\/en\/wp-json\/wp\/v2\/product"}],"about":[{"href":"https:\/\/tradisom.com\/en\/wp-json\/wp\/v2\/types\/product"}],"wp:featuredmedia":[{"embeddable":true,"href":"https:\/\/tradisom.com\/en\/wp-json\/wp\/v2\/media\/16711"}],"wp:attachment":[{"href":"https:\/\/tradisom.com\/en\/wp-json\/wp\/v2\/media?parent=680"}],"wp:term":[{"taxonomy":"product_brand","embeddable":true,"href":"https:\/\/tradisom.com\/en\/wp-json\/wp\/v2\/product_brand?post=680"},{"taxonomy":"product_cat","embeddable":true,"href":"https:\/\/tradisom.com\/en\/wp-json\/wp\/v2\/product_cat?post=680"},{"taxonomy":"product_tag","embeddable":true,"href":"https:\/\/tradisom.com\/en\/wp-json\/wp\/v2\/product_tag?post=680"}],"curies":[{"name":"wp","href":"https:\/\/api.w.org\/{rel}","templated":true}]}}

Alentejo: Vozes e Estéticas em 1939/40 – Armando Leça CD3

<p>A edição dos registos sonoros efetuados por Armando Leça no continente português, 1939-40, é um marco na documentação e estudo da música de matriz rural. Estes registos representam o primeiro levantamento sistemático da música rural que, conservados nos arquivos da RTP, permaneceram inéditos e inacessíveis durante mais de setenta anos. Graças à iniciativa da etnomusicóloga Maria do Rosário Pestana, autora deste livro, e à colaboração entre o Instituto Nacional de Etnomusicologia (núcleo da Universidade de Aveiro), a Rádio Televisão Portuguesa e o Arquivo Audiovisual de Viena, estes registos históricos estão agora disponíveis para as comunidades de origem, os músicos e estudiosos e o público em geral.<br />
De valor patrimonial indiscutível, os trechos musicais e as letras contidas nas gravações de Leça encarnam a vida social, os valores, o conhecimento e a criatividade de indivíduos e grupos em diversas localidades.<br />
Os registos sonoros coligidos por Armando Leça constituem assim um valioso repositório da memória sonora do país, permitindo o estudo da música de matriz rural.<br />
A sua edição é um contributo fundamental para o conhecimento da música e cultura portuguesas, num período que marcou a cultura expressiva em Portugal no século XX.</p>

<p><strong>Só em MP3</strong></p>
<p><iframe loading="lazy" src="https://w.soundcloud.com/player/?url=https%3A//api.soundcloud.com/playlists/1364253913&amp;color=%23ff5500&amp;auto_play=false&amp;hide_related=false&amp;show_comments=true&amp;show_user=false&amp;show_reposts=false&amp;show_teaser=true" width="100%" height="450" frameborder="no" scrolling="no"></iframe></p>
<div style="font-size: 10px; color: #cccccc; line-break: anywhere; word-break: normal; overflow: hidden; white-space: nowrap; text-overflow: ellipsis; font-family: Interstate,Lucida Grande,Lucida Sans Unicode,Lucida Sans,Garuda,Verdana,Tahoma,sans-serif; font-weight: 100;"><a style="color: #cccccc; text-decoration: none;" title="Tradisom" href="https://soundcloud.com/tradisom" target="_blank" rel="noopener">Tradisom</a> · <a style="color: #cccccc; text-decoration: none;" title="Alentejo: Vozes e Estéticas em 1939/40 CD3 - Armando Leça" href="https://soundcloud.com/tradisom/sets/alentejo-vozes-e-esteticas-em-193940-cd3-armando-leca" target="_blank" rel="noopener">Alentejo: Vozes e Estéticas em 1939/40 CD3 &#8211; Armando Leça</a></div>
