{"id":660,"date":"2018-04-02T17:32:22","date_gmt":"2018-04-02T17:32:22","guid":{"rendered":"https:\/\/tradisom.com\/\/?post_type=product&#038;p=660"},"modified":"2025-09-01T18:23:18","modified_gmt":"2025-09-01T17:23:18","slug":"filhos-de-timor-leste","status":"publish","type":"product","link":"https:\/\/tradisom.com\/en\/product\/filhos-de-timor-leste\/","title":{"rendered":"Filhos de Timor Leste"},"content":{"rendered":"<p>Can\u00e7\u00f5es tradicionais timorenses<\/p>\n<p>Inclui a m\u00fasica interpretada na atribui\u00e7\u00e3o do Pr\u00e9mio Nobel a Ramos Horta e D. Ximenes Belo.<\/p>\n<p>Filhos de Timor Leste foi editado em Maio de 2002, como edi\u00e7\u00e3o comemorativa do Dia de Independ\u00eancia daquele pa\u00eds.<\/p>\n<p>O livro cont\u00e9m 100 fotos e um CD com m\u00fasica tradicional de Timor. Uma dessas faixas reproduz a m\u00fasica interpretada no dia de atribui\u00e7\u00e3o do Pr\u00e9mio Nobel da Paz a D. Ximenes Belo e a Ramos Horta, e n\u00e3o se encontra editada em mais nenhum lado.<br \/>\nO CD cont\u00e9m m\u00fasicas tradicionais timorenses e outras participa\u00e7\u00f5es, como as de Isabel Tello Mexia e do maestro Sim\u00e3o Barreto.<\/p>\n<p>Timor Leste \u00e9 um caso de paix\u00e3o. De muitas pessoas, de gente boa. Sem elas, este projecto n\u00e3o teria passado de um sonho, como tantos outros que ficaram pelo caminho. Mas, tal como a Independ\u00eancia agora alcan\u00e7ada, este disco \u00e9 uma realidade, saborosa e indestrut\u00edvel, porque ambos cont\u00eam a esperan\u00e7a de um futuro espelhado nos seus filhos, os \u201cFilhos de Timor Leste\u201d.<\/p>\n<p>A Tradisom quer agradecer a todos pela sua generosa colabora\u00e7\u00e3o, apoio e est\u00edmulo, sem os quais n\u00e3o ter\u00edamos hoje nas nossas m\u00e3os este registo que permanecer\u00e1 para sempre aguardado nos nossos cora\u00e7\u00f5es.<\/p>\n<p>Com este trabalho pretendeu-se contribuir para que se mantenha viva a chama da solidariedade para com o povo de Timor Leste, esperando que outros projectos venham a florescer.<\/p>\n<p>A luta continua, com as armas da esperan\u00e7a e do amor.<\/p>\n","protected":false},"excerpt":{"rendered":"<p><strong>S\u00f3 em MP3<\/strong><\/p>\n<p><iframe loading=\"lazy\" src=\"https:\/\/w.soundcloud.com\/player\/?url=https%3A\/\/api.soundcloud.com\/playlists\/1371041803&amp;color=%2354541b&amp;auto_play=false&amp;hide_related=false&amp;show_comments=false&amp;show_user=false&amp;show_reposts=false&amp;show_teaser=false\" width=\"100%\" height=\"450\" frameborder=\"no\" scrolling=\"no\"><\/iframe><\/p>\n<div style=\"font-size: 10px; color: #cccccc; line-break: anywhere; word-break: normal; overflow: hidden; white-space: nowrap; text-overflow: ellipsis; font-family: Interstate,Lucida Grande,Lucida Sans Unicode,Lucida Sans,Garuda,Verdana,Tahoma,sans-serif; font-weight: 100;\"><a style=\"color: #cccccc; text-decoration: none;\" title=\"Tradisom\" href=\"https:\/\/soundcloud.com\/tradisom\" target=\"_blank\" rel=\"noopener\">Tradisom<\/a> \u00b7 <a style=\"color: #cccccc; text-decoration: none;\" title=\"Filhos de Timor Leste\" href=\"https:\/\/soundcloud.com\/tradisom\/sets\/filhos-de-timor-leste\" target=\"_blank\" rel=\"noopener\">Filhos de Timor Leste<\/a><\/div>\n","protected":false},"featured_media":16691,"template":"","meta":[],"product_brand":[],"product_cat":[380,315],"product_tag":[],"class_list":{"0":"post-660","1":"product","2":"type-product","3":"status-publish","4":"has-post-thumbnail","6":"product_cat-mp3","7":"product_cat-tradisom","9":"first","10":"instock","11":"downloadable","12":"virtual","13":"purchasable","14":"product-type-simple"},"_links":{"self":[{"href":"https:\/\/tradisom.com\/en\/wp-json\/wp\/v2\/product\/660","targetHints":{"allow":["GET"]}}],"collection":[{"href":"https:\/\/tradisom.com\/en\/wp-json\/wp\/v2\/product"}],"about":[{"href":"https:\/\/tradisom.com\/en\/wp-json\/wp\/v2\/types\/product"}],"wp:featuredmedia":[{"embeddable":true,"href":"https:\/\/tradisom.com\/en\/wp-json\/wp\/v2\/media\/16691"}],"wp:attachment":[{"href":"https:\/\/tradisom.com\/en\/wp-json\/wp\/v2\/media?parent=660"}],"wp:term":[{"taxonomy":"product_brand","embeddable":true,"href":"https:\/\/tradisom.com\/en\/wp-json\/wp\/v2\/product_brand?post=660"},{"taxonomy":"product_cat","embeddable":true,"href":"https:\/\/tradisom.com\/en\/wp-json\/wp\/v2\/product_cat?post=660"},{"taxonomy":"product_tag","embeddable":true,"href":"https:\/\/tradisom.com\/en\/wp-json\/wp\/v2\/product_tag?post=660"}],"curies":[{"name":"wp","href":"https:\/\/api.w.org\/{rel}","templated":true}]}}

<p>Canções tradicionais timorenses</p>
<p>Inclui a música interpretada na atribuição do Prémio Nobel a Ramos Horta e D. Ximenes Belo.</p>
<p>Filhos de Timor Leste foi editado em Maio de 2002, como edição comemorativa do Dia de Independência daquele país.</p>
<p>O livro contém 100 fotos e um CD com música tradicional de Timor. Uma dessas faixas reproduz a música interpretada no dia de atribuição do Prémio Nobel da Paz a D. Ximenes Belo e a Ramos Horta, e não se encontra editada em mais nenhum lado.<br />
O CD contém músicas tradicionais timorenses e outras participações, como as de Isabel Tello Mexia e do maestro Simão Barreto.</p>
<p>Timor Leste é um caso de paixão. De muitas pessoas, de gente boa. Sem elas, este projecto não teria passado de um sonho, como tantos outros que ficaram pelo caminho. Mas, tal como a Independência agora alcançada, este disco é uma realidade, saborosa e indestrutível, porque ambos contêm a esperança de um futuro espelhado nos seus filhos, os “Filhos de Timor Leste”.</p>
<p>A Tradisom quer agradecer a todos pela sua generosa colaboração, apoio e estímulo, sem os quais não teríamos hoje nas nossas mãos este registo que permanecerá para sempre aguardado nos nossos corações.</p>
<p>Com este trabalho pretendeu-se contribuir para que se mantenha viva a chama da solidariedade para com o povo de Timor Leste, esperando que outros projectos venham a florescer.</p>
<p>A luta continua, com as armas da esperança e do amor.</p>

<p><strong>Só em MP3</strong></p>
<p><iframe loading="lazy" src="https://w.soundcloud.com/player/?url=https%3A//api.soundcloud.com/playlists/1371041803&amp;color=%2354541b&amp;auto_play=false&amp;hide_related=false&amp;show_comments=false&amp;show_user=false&amp;show_reposts=false&amp;show_teaser=false" width="100%" height="450" frameborder="no" scrolling="no"></iframe></p>
<div style="font-size: 10px; color: #cccccc; line-break: anywhere; word-break: normal; overflow: hidden; white-space: nowrap; text-overflow: ellipsis; font-family: Interstate,Lucida Grande,Lucida Sans Unicode,Lucida Sans,Garuda,Verdana,Tahoma,sans-serif; font-weight: 100;"><a style="color: #cccccc; text-decoration: none;" title="Tradisom" href="https://soundcloud.com/tradisom" target="_blank" rel="noopener">Tradisom</a> · <a style="color: #cccccc; text-decoration: none;" title="Filhos de Timor Leste" href="https://soundcloud.com/tradisom/sets/filhos-de-timor-leste" target="_blank" rel="noopener">Filhos de Timor Leste</a></div>
