{"id":650,"date":"2018-04-02T17:26:58","date_gmt":"2018-04-02T17:26:58","guid":{"rendered":"https:\/\/tradisom.com\/\/?post_type=product&#038;p=650"},"modified":"2025-09-01T18:24:13","modified_gmt":"2025-09-01T17:24:13","slug":"influencias","status":"publish","type":"product","link":"https:\/\/tradisom.com\/en\/product\/influencias\/","title":{"rendered":"Grupo de Cordas da Associa\u00e7\u00e3o Cultural e Musical de Vila Verde &#8211; Influ\u00eancias"},"content":{"rendered":"<p>O presente trabalho \u00e9 a primeira edi\u00e7\u00e3o em CD da Escola de M\u00fasica da Associa\u00e7\u00e3o Cultural e Musical de Vila Verde.<\/p>\n<p>Esta Associa\u00e7\u00e3o, atrav\u00e9s da sua Escola de M\u00fasica, tem vindo a desenvolver, desde 1983, um projecto musical e cultural em Vila Verde , nomeadamente junto dos mais jovens, com o ensino de instrumentos mais cl\u00e1ssicos (piano, guitarra, canto, violino, sopros, percuss\u00e3o) e instrumentos populares (cavaquinho, concertina e acorde\u00e3o). Assim, a par de uma vertente acad\u00e9mica mais erudita de um Curso Curricular com disciplinas como Forma\u00e7\u00e3o Musical, Coro, Classe Conjunto e Instrumento, mant\u00e9m. Esta escola, uma vertente de ensino de instrumentos populares tradicionais, em Cursos Livres.<\/p>\n<p>Num concelho de cariz eminentemente rural, especialmente rico em tradi\u00e7\u00e3o folcl\u00f3rica, esta Associa\u00e7\u00e3o investiu na forma\u00e7\u00e3o de tocadores que preservem bem viva, e com a melhor qualidade, a tradi\u00e7\u00e3o musical popular da regi\u00e3o.<\/p>\n<p>Este projecto do Grupo de Cordas, iniciado em 2002, partiu de sonoridades tradicionais, percorreu o caminho da versatilidade instrumental e encontrou, no esp\u00edrito de fus\u00e3o de diversos idiomas musicais, a fonte de inspira\u00e7\u00e3o. Ao deixar-se influenciar por outros horizontes, a sua musicalidade tornou-se mais universal, sem nunca perder a raiz e a identidade.<\/p>\n","protected":false},"excerpt":{"rendered":"<p><iframe loading=\"lazy\" src=\"https:\/\/w.soundcloud.com\/player\/?url=https%3A\/\/api.soundcloud.com\/playlists\/1367994763&amp;color=%2354541b&amp;auto_play=false&amp;hide_related=false&amp;show_comments=false&amp;show_user=false&amp;show_reposts=false&amp;show_teaser=false\" width=\"100%\" height=\"450\" frameborder=\"no\" scrolling=\"no\"><\/iframe><\/p>\n<div style=\"font-size: 10px; color: #cccccc; line-break: anywhere; word-break: normal; overflow: hidden; white-space: nowrap; text-overflow: ellipsis; font-family: Interstate,Lucida Grande,Lucida Sans Unicode,Lucida Sans,Garuda,Verdana,Tahoma,sans-serif; font-weight: 100;\"><a style=\"color: #cccccc; text-decoration: none;\" title=\"Tradisom\" href=\"https:\/\/soundcloud.com\/tradisom\" target=\"_blank\" rel=\"noopener\">Tradisom<\/a> \u00b7 <a style=\"color: #cccccc; text-decoration: none;\" title=\"Influ\u00eancias - Grupo de Cordas de Vila Verde\" href=\"https:\/\/soundcloud.com\/tradisom\/sets\/influencias-grupo-de-cordas-de-vila-verde\" target=\"_blank\" rel=\"noopener\">Influ\u00eancias &#8211; Grupo de Cordas de Vila Verde<\/a><\/div>\n","protected":false},"featured_media":16681,"template":"","meta":[],"product_brand":[],"product_cat":[316,322,315],"product_tag":[],"class_list":{"0":"post-650","1":"product","2":"type-product","3":"status-publish","4":"has-post-thumbnail","6":"product_cat-discos-tradisom","7":"product_cat-tradicional-discos-tradisom","8":"product_cat-tradisom","10":"first","11":"instock","12":"sale","13":"shipping-taxable","14":"purchasable","15":"product-type-variable"},"_links":{"self":[{"href":"https:\/\/tradisom.com\/en\/wp-json\/wp\/v2\/product\/650","targetHints":{"allow":["GET"]}}],"collection":[{"href":"https:\/\/tradisom.com\/en\/wp-json\/wp\/v2\/product"}],"about":[{"href":"https:\/\/tradisom.com\/en\/wp-json\/wp\/v2\/types\/product"}],"wp:featuredmedia":[{"embeddable":true,"href":"https:\/\/tradisom.com\/en\/wp-json\/wp\/v2\/media\/16681"}],"wp:attachment":[{"href":"https:\/\/tradisom.com\/en\/wp-json\/wp\/v2\/media?parent=650"}],"wp:term":[{"taxonomy":"product_brand","embeddable":true,"href":"https:\/\/tradisom.com\/en\/wp-json\/wp\/v2\/product_brand?post=650"},{"taxonomy":"product_cat","embeddable":true,"href":"https:\/\/tradisom.com\/en\/wp-json\/wp\/v2\/product_cat?post=650"},{"taxonomy":"product_tag","embeddable":true,"href":"https:\/\/tradisom.com\/en\/wp-json\/wp\/v2\/product_tag?post=650"}],"curies":[{"name":"wp","href":"https:\/\/api.w.org\/{rel}","templated":true}]}}

Grupo de Cordas da Associação Cultural e Musical de Vila Verde &#8211; Influências

<p>O presente trabalho é a primeira edição em CD da Escola de Música da Associação Cultural e Musical de Vila Verde.</p>
<p>Esta Associação, através da sua Escola de Música, tem vindo a desenvolver, desde 1983, um projecto musical e cultural em Vila Verde , nomeadamente junto dos mais jovens, com o ensino de instrumentos mais clássicos (piano, guitarra, canto, violino, sopros, percussão) e instrumentos populares (cavaquinho, concertina e acordeão). Assim, a par de uma vertente académica mais erudita de um Curso Curricular com disciplinas como Formação Musical, Coro, Classe Conjunto e Instrumento, mantém. Esta escola, uma vertente de ensino de instrumentos populares tradicionais, em Cursos Livres.</p>
<p>Num concelho de cariz eminentemente rural, especialmente rico em tradição folclórica, esta Associação investiu na formação de tocadores que preservem bem viva, e com a melhor qualidade, a tradição musical popular da região.</p>
<p>Este projecto do Grupo de Cordas, iniciado em 2002, partiu de sonoridades tradicionais, percorreu o caminho da versatilidade instrumental e encontrou, no espírito de fusão de diversos idiomas musicais, a fonte de inspiração. Ao deixar-se influenciar por outros horizontes, a sua musicalidade tornou-se mais universal, sem nunca perder a raiz e a identidade.</p>

<p><iframe loading="lazy" src="https://w.soundcloud.com/player/?url=https%3A//api.soundcloud.com/playlists/1367994763&amp;color=%2354541b&amp;auto_play=false&amp;hide_related=false&amp;show_comments=false&amp;show_user=false&amp;show_reposts=false&amp;show_teaser=false" width="100%" height="450" frameborder="no" scrolling="no"></iframe></p>
<div style="font-size: 10px; color: #cccccc; line-break: anywhere; word-break: normal; overflow: hidden; white-space: nowrap; text-overflow: ellipsis; font-family: Interstate,Lucida Grande,Lucida Sans Unicode,Lucida Sans,Garuda,Verdana,Tahoma,sans-serif; font-weight: 100;"><a style="color: #cccccc; text-decoration: none;" title="Tradisom" href="https://soundcloud.com/tradisom" target="_blank" rel="noopener">Tradisom</a> · <a style="color: #cccccc; text-decoration: none;" title="Influências - Grupo de Cordas de Vila Verde" href="https://soundcloud.com/tradisom/sets/influencias-grupo-de-cordas-de-vila-verde" target="_blank" rel="noopener">Influências &#8211; Grupo de Cordas de Vila Verde</a></div>
