{"id":6437,"date":"2018-05-04T09:21:18","date_gmt":"2018-05-04T08:21:18","guid":{"rendered":"https:\/\/tradisom.com\/\/?post_type=product&#038;p=6437"},"modified":"2025-09-01T18:03:44","modified_gmt":"2025-09-01T17:03:44","slug":"grupo-folclorico-de-vila-verde","status":"publish","type":"product","link":"https:\/\/tradisom.com\/en\/product\/grupo-folclorico-de-vila-verde\/","title":{"rendered":"Grupo Folcl\u00f3rico de Vila Verde"},"content":{"rendered":"<p>O CD incorporado neste trabalho cont\u00e9m o report\u00f3rio de cantares interpretados pelo Grupo ao longo destes 50 anos, abrangendo os cantares tradicionais integrantes das dan\u00e7as, cantares de trabalho, de romaria, religiosos e profano-religiosos (Reis), com a particularidade de registar todos os cantadores e cantadeiras que deram at\u00e9 essa data o seu contributo a este Grupo.<\/p>\n<p>O objectivo desta edi\u00e7\u00e3o foi inventariar, divulgar e promover o patrim\u00f3nio cultural e os dom\u00ednios etnogr\u00e1ficos e antropol\u00f3gicos da regi\u00e3o em que o Grupo Folcl\u00f3rico est\u00e1 inserido, atrav\u00e9s de um levantamento rigoroso das tradi\u00e7\u00f5es e bens culturais imateriais, inerentes \u00e0 sua actividade, em suporte documental escrito (livro) e \u00e1udio (CD).<\/p>\n<p>Para al\u00e9m do trabalho de recolha e pesquisa, quer pela transmiss\u00e3o oral, quer pela base documental, atrav\u00e9s do contributo de in\u00fameras pessoas, s\u00e3o mencionadas nesta livro referencias fundamentais para a sua sustentabilidade e credibilidade t\u00e9cnica, como Mota Leite, Gon\u00e7alo Sampaio, Pedro Homem de Melo, Armando Le\u00e7a, entre outros.<\/p>\n","protected":false},"excerpt":{"rendered":"<p>Edi\u00e7\u00e3o comemorativa dos 50 anos do Grupo Folcl\u00f3rico de Vila Verde<\/p>\n<p><iframe loading=\"lazy\" src=\"https:\/\/w.soundcloud.com\/player\/?url=https%3A\/\/api.soundcloud.com\/playlists\/1456501309&amp;color=%23ff5500&amp;auto_play=false&amp;hide_related=false&amp;show_comments=true&amp;show_user=false&amp;show_reposts=false&amp;show_teaser=true\" width=\"100%\" height=\"450\" frameborder=\"no\" scrolling=\"no\"><\/iframe><\/p>\n<div style=\"font-size: 10px; color: #cccccc; line-break: anywhere; word-break: normal; overflow: hidden; white-space: nowrap; text-overflow: ellipsis; font-family: Interstate,Lucida Grande,Lucida Sans Unicode,Lucida Sans,Garuda,Verdana,Tahoma,sans-serif; font-weight: 100;\"><a style=\"color: #cccccc; text-decoration: none;\" title=\"Tradisom\" href=\"https:\/\/soundcloud.com\/tradisom\" target=\"_blank\" rel=\"noopener\">Tradisom<\/a> \u00b7 <a style=\"color: #cccccc; text-decoration: none;\" title=\"Grupo Folcl\u00f3rico de Vila Verde\" href=\"https:\/\/soundcloud.com\/tradisom\/sets\/grupo-folclorico-de-vila-verde\" target=\"_blank\" rel=\"noopener\">Grupo Folcl\u00f3rico de Vila Verde<\/a><\/div>\n","protected":false},"featured_media":16799,"template":"","meta":[],"product_brand":[],"product_cat":[326,403,315],"product_tag":[],"class_list":{"0":"post-6437","1":"product","2":"type-product","3":"status-publish","4":"has-post-thumbnail","6":"product_cat-livros-tradisom","7":"product_cat-tradicional","8":"product_cat-tradisom","10":"first","11":"outofstock","12":"shipping-taxable","13":"purchasable","14":"product-type-simple"},"_links":{"self":[{"href":"https:\/\/tradisom.com\/en\/wp-json\/wp\/v2\/product\/6437","targetHints":{"allow":["GET"]}}],"collection":[{"href":"https:\/\/tradisom.com\/en\/wp-json\/wp\/v2\/product"}],"about":[{"href":"https:\/\/tradisom.com\/en\/wp-json\/wp\/v2\/types\/product"}],"wp:featuredmedia":[{"embeddable":true,"href":"https:\/\/tradisom.com\/en\/wp-json\/wp\/v2\/media\/16799"}],"wp:attachment":[{"href":"https:\/\/tradisom.com\/en\/wp-json\/wp\/v2\/media?parent=6437"}],"wp:term":[{"taxonomy":"product_brand","embeddable":true,"href":"https:\/\/tradisom.com\/en\/wp-json\/wp\/v2\/product_brand?post=6437"},{"taxonomy":"product_cat","embeddable":true,"href":"https:\/\/tradisom.com\/en\/wp-json\/wp\/v2\/product_cat?post=6437"},{"taxonomy":"product_tag","embeddable":true,"href":"https:\/\/tradisom.com\/en\/wp-json\/wp\/v2\/product_tag?post=6437"}],"curies":[{"name":"wp","href":"https:\/\/api.w.org\/{rel}","templated":true}]}}

Grupo Folclórico de Vila Verde

<p>O CD incorporado neste trabalho contém o reportório de cantares interpretados pelo Grupo ao longo destes 50 anos, abrangendo os cantares tradicionais integrantes das danças, cantares de trabalho, de romaria, religiosos e profano-religiosos (Reis), com a particularidade de registar todos os cantadores e cantadeiras que deram até essa data o seu contributo a este Grupo.</p>
<p>O objectivo desta edição foi inventariar, divulgar e promover o património cultural e os domínios etnográficos e antropológicos da região em que o Grupo Folclórico está inserido, através de um levantamento rigoroso das tradições e bens culturais imateriais, inerentes à sua actividade, em suporte documental escrito (livro) e áudio (CD).</p>
<p>Para além do trabalho de recolha e pesquisa, quer pela transmissão oral, quer pela base documental, através do contributo de inúmeras pessoas, são mencionadas nesta livro referencias fundamentais para a sua sustentabilidade e credibilidade técnica, como Mota Leite, Gonçalo Sampaio, Pedro Homem de Melo, Armando Leça, entre outros.</p>

<p>Edição comemorativa dos 50 anos do Grupo Folclórico de Vila Verde</p>
<p><iframe loading="lazy" src="https://w.soundcloud.com/player/?url=https%3A//api.soundcloud.com/playlists/1456501309&amp;color=%23ff5500&amp;auto_play=false&amp;hide_related=false&amp;show_comments=true&amp;show_user=false&amp;show_reposts=false&amp;show_teaser=true" width="100%" height="450" frameborder="no" scrolling="no"></iframe></p>
<div style="font-size: 10px; color: #cccccc; line-break: anywhere; word-break: normal; overflow: hidden; white-space: nowrap; text-overflow: ellipsis; font-family: Interstate,Lucida Grande,Lucida Sans Unicode,Lucida Sans,Garuda,Verdana,Tahoma,sans-serif; font-weight: 100;"><a style="color: #cccccc; text-decoration: none;" title="Tradisom" href="https://soundcloud.com/tradisom" target="_blank" rel="noopener">Tradisom</a> · <a style="color: #cccccc; text-decoration: none;" title="Grupo Folclórico de Vila Verde" href="https://soundcloud.com/tradisom/sets/grupo-folclorico-de-vila-verde" target="_blank" rel="noopener">Grupo Folclórico de Vila Verde</a></div>
