{"id":6435,"date":"2018-05-04T09:19:33","date_gmt":"2018-05-04T09:19:33","guid":{"rendered":"https:\/\/tradisom.com\/\/?post_type=product&#038;p=6435"},"modified":"2025-09-01T18:03:50","modified_gmt":"2025-09-01T17:03:50","slug":"tradicoes-musicais-da-estremadura","status":"publish","type":"product","link":"https:\/\/tradisom.com\/en\/product\/tradicoes-musicais-da-estremadura\/","title":{"rendered":"Tradi\u00e7\u00f5es Musicais da Estremadura"},"content":{"rendered":"<p>Por virtude da descri\u00e7\u00e3o pormenorizada das tradi\u00e7\u00f5es estudadas, bem como dos seus aspectos hist\u00f3ricos e da sua viv\u00eancia social, a obra \u00e9 de grande extens\u00e3o, com cerca de 700 p\u00e1ginas, mais de 1000 fotografias e ilustra\u00e7\u00f5es a cores documentando visualmente as tradi\u00e7\u00f5es objecto do estudo, 120 partituras, e ainda 2 CD\u00b4s, com os respectivos guias de audi\u00e7\u00e3o.<\/p>\n<p>Tem um pref\u00e1cio do mais reputado music\u00f3logo portugu\u00eas, Fernando Lopes Gra\u00e7a, entretanto falecido. Estamos em condi\u00e7\u00f5es de corroborar a afirma\u00e7\u00e3o de F. Lopes Gra\u00e7a inserta nesse pref\u00e1cio, segundo a qual se trata de &#8220;uma obra fundamental no panorama da &#8220;Etnomusicologia Portuguesa&#8221; , e bem assim de garantir que a Estremadura passar\u00e1 a beneficiar, no campo da m\u00fasica tradicional, de um estudo de que nenhuma outra prov\u00edncia se pode orgulhar.<\/p>\n<p>O autor do livro &#8220;Tradi\u00e7\u00f5es Musicais da Estremadura&#8221; Jos\u00e9 Alberto Morais Sardinha, \u00e9 um investigador de m\u00fasica tradicional, que h\u00e1 mais de vinte e cinco anos se dedica a percorrer as aldeias de todo o pa\u00eds, estudando e registando em grava\u00e7\u00e3o as mais genu\u00ednas tradi\u00e7\u00f5es musicais do nosso povo. Det\u00e9m, hoje, um vasto arquivo sonoro que abrange todo o pa\u00eds (exceptuando a Madeira). Efectua regularmente confer\u00eancias sobre a m\u00fasica tradicional portuguesa por todo o pa\u00eds a convite das C\u00e2maras Municipais e dos mais variados organismos e associa\u00e7\u00f5es culturais e tem participado em v\u00e1rios congressos de etnografia e folclore. Foi coordenador do ciclo &#8220;Sons da Tradi\u00e7\u00e3o&#8221; da EXPO98, publicou a colec\u00e7\u00e3o de 6 CD\u00b4s &#8220;Portugal Ra\u00edzes Musicais&#8221; atrav\u00e9s do Jornal de Not\u00edcias, uma edi\u00e7\u00e3o de assinal\u00e1vel sucesso, bem como v\u00e1rias outras obras, de que destacamos:<\/p>\n<p>&#8220;Recolhas musicais da tradi\u00e7\u00e3o oral portuguesa, 1982 Esgotado<br \/>\n&#8220;Viola campani\u00e7a &#8211; o outro Alentejo&#8221; 1986 (ed. discogr\u00e1fica \u2013 Esgotado<br \/>\n\u201cModas estremenhas\u201d, 1989 &#8211; Esgotado<br \/>\n&#8220;Idanha-a-Nova &#8211; toques e cantares da vila&#8221;, 1995 &#8211; Esgotado<br \/>\n\u201cPortugal, Ra\u00edzes Musicais\u201d, 1997 Esgotado<br \/>\n\u201cSons da Tradi\u00e7\u00e3o Rural, 1998 &#8211; Esgotado<br \/>\n\u201cTradi\u00e7\u00f5es Musicais da Estremadura, 2000 (livro com 3 CDS) &#8211; Esgotado<br \/>\n\u201cViola Campani\u00e7a-o outro Alentejo, 2001 (livro com 2 CDS) &#8211; Esgotado<br \/>\n\u201cBraga na Tradi\u00e7\u00e3o Musical-a Rusga de S. Vicente, 2002 (livro com 1 disco) &#8211; Esgotado<br \/>\n&#8220;Tunas do Mar\u00e3o, 2005 (livro com 4 discos) &#8211; Esgotado<br \/>\n&#8220;A Origem do Fado&#8221;, 2010 (livro com 4 CDS)<br \/>\n&#8220;Dan\u00e7as Populares do Corpus Christi de Penafiel&#8221;, 2011 (livro com DVD e CD)<\/p>\n","protected":false},"excerpt":{"rendered":"<p>Livro de capa dura com cerca de 650 p\u00e1ginas, mais de 1000 fotografias e 3 CDS<\/p>\n","protected":false},"featured_media":16797,"template":"","meta":[],"product_brand":[],"product_cat":[404,326,403,315],"product_tag":[],"class_list":{"0":"post-6435","1":"product","2":"type-product","3":"status-publish","4":"has-post-thumbnail","6":"product_cat-documental","7":"product_cat-livros-tradisom","8":"product_cat-tradicional","9":"product_cat-tradisom","11":"first","12":"outofstock","13":"shipping-taxable","14":"purchasable","15":"product-type-simple"},"_links":{"self":[{"href":"https:\/\/tradisom.com\/en\/wp-json\/wp\/v2\/product\/6435","targetHints":{"allow":["GET"]}}],"collection":[{"href":"https:\/\/tradisom.com\/en\/wp-json\/wp\/v2\/product"}],"about":[{"href":"https:\/\/tradisom.com\/en\/wp-json\/wp\/v2\/types\/product"}],"wp:featuredmedia":[{"embeddable":true,"href":"https:\/\/tradisom.com\/en\/wp-json\/wp\/v2\/media\/16797"}],"wp:attachment":[{"href":"https:\/\/tradisom.com\/en\/wp-json\/wp\/v2\/media?parent=6435"}],"wp:term":[{"taxonomy":"product_brand","embeddable":true,"href":"https:\/\/tradisom.com\/en\/wp-json\/wp\/v2\/product_brand?post=6435"},{"taxonomy":"product_cat","embeddable":true,"href":"https:\/\/tradisom.com\/en\/wp-json\/wp\/v2\/product_cat?post=6435"},{"taxonomy":"product_tag","embeddable":true,"href":"https:\/\/tradisom.com\/en\/wp-json\/wp\/v2\/product_tag?post=6435"}],"curies":[{"name":"wp","href":"https:\/\/api.w.org\/{rel}","templated":true}]}}

Tradições Musicais da Estremadura

<p>Por virtude da descrição pormenorizada das tradições estudadas, bem como dos seus aspectos históricos e da sua vivência social, a obra é de grande extensão, com cerca de 700 páginas, mais de 1000 fotografias e ilustrações a cores documentando visualmente as tradições objecto do estudo, 120 partituras, e ainda 2 CD´s, com os respectivos guias de audição.</p>
<p>Tem um prefácio do mais reputado musicólogo português, Fernando Lopes Graça, entretanto falecido. Estamos em condições de corroborar a afirmação de F. Lopes Graça inserta nesse prefácio, segundo a qual se trata de &#8220;uma obra fundamental no panorama da &#8220;Etnomusicologia Portuguesa&#8221; , e bem assim de garantir que a Estremadura passará a beneficiar, no campo da música tradicional, de um estudo de que nenhuma outra província se pode orgulhar.</p>
<p>O autor do livro &#8220;Tradições Musicais da Estremadura&#8221; José Alberto Morais Sardinha, é um investigador de música tradicional, que há mais de vinte e cinco anos se dedica a percorrer as aldeias de todo o país, estudando e registando em gravação as mais genuínas tradições musicais do nosso povo. Detém, hoje, um vasto arquivo sonoro que abrange todo o país (exceptuando a Madeira). Efectua regularmente conferências sobre a música tradicional portuguesa por todo o país a convite das Câmaras Municipais e dos mais variados organismos e associações culturais e tem participado em vários congressos de etnografia e folclore. Foi coordenador do ciclo &#8220;Sons da Tradição&#8221; da EXPO98, publicou a colecção de 6 CD´s &#8220;Portugal Raízes Musicais&#8221; através do Jornal de Notícias, uma edição de assinalável sucesso, bem como várias outras obras, de que destacamos:</p>
<p>&#8220;Recolhas musicais da tradição oral portuguesa, 1982 Esgotado<br />
&#8220;Viola campaniça &#8211; o outro Alentejo&#8221; 1986 (ed. discográfica – Esgotado<br />
“Modas estremenhas”, 1989 &#8211; Esgotado<br />
&#8220;Idanha-a-Nova &#8211; toques e cantares da vila&#8221;, 1995 &#8211; Esgotado<br />
“Portugal, Raízes Musicais”, 1997 Esgotado<br />
“Sons da Tradição Rural, 1998 &#8211; Esgotado<br />
“Tradições Musicais da Estremadura, 2000 (livro com 3 CDS) &#8211; Esgotado<br />
“Viola Campaniça-o outro Alentejo, 2001 (livro com 2 CDS) &#8211; Esgotado<br />
“Braga na Tradição Musical-a Rusga de S. Vicente, 2002 (livro com 1 disco) &#8211; Esgotado<br />
&#8220;Tunas do Marão, 2005 (livro com 4 discos) &#8211; Esgotado<br />
&#8220;A Origem do Fado&#8221;, 2010 (livro com 4 CDS)<br />
&#8220;Danças Populares do Corpus Christi de Penafiel&#8221;, 2011 (livro com DVD e CD)</p>

<p>Livro de capa dura com cerca de 650 páginas, mais de 1000 fotografias e 3 CDS</p>
