{"id":5942,"date":"2018-05-03T23:04:21","date_gmt":"2018-05-03T22:04:21","guid":{"rendered":"https:\/\/tradisom.com\/\/?post_type=product&#038;p=5942"},"modified":"2024-12-03T21:04:30","modified_gmt":"2024-12-03T20:04:30","slug":"interpretes-masculinos","status":"publish","type":"product","link":"https:\/\/tradisom.com\/en\/product\/interpretes-masculinos\/","title":{"rendered":"Int\u00e9rpretes Masculinos"},"content":{"rendered":"<p>ARMANDINHO, FERNANDO FARINHA e VOZES E SONS DE COIMBRA<br \/>\nUMA CAIXA DE CORTI\u00c7A COM 3 DIGIBOOKS (livro de capa dura) COM LIVRETOS DE 48 P\u00c1GINAS CADA<\/p>\n<p>ARMANDINHO: A guitarra portuguesa est\u00e1, h\u00e1 muito, ligada ao imagin\u00e1rio da m\u00fasica popular portuguesa. Aos guitarristas coube a primazia de compor novas m\u00fasicas, de descobrir e ensaiar novos valores e de dirigir o panorama est\u00e9tico das can\u00e7\u00f5es urbanas. Com este disco, propomos aos ouvintes a audi\u00e7\u00e3o daquele que por todos \u00e9 considerado como um dos maiores vultos na hist\u00f3ria da guitarra portuguesa e do fado. Armando Augusto Freire, mais conhecido pelo diminutivo e nome art\u00edstico de Armandinho, nasceu em 11 de outubro de 1891 e acompanhou em clubes, festas de teatro, casas de fados, e em todo o g\u00e9nero de ocasi\u00f5es todos os grandes nomes do fado e do teatro do seu tempo, entre os quais Am\u00e1lia Rodrigues; Alfredo Marceneiro, que estreou o seu Fado do Estoril; Joaquim Campos; Maria do Carmo (1894 &#8211; 1964); Jos\u00e9 Porf\u00edrio (1909 &#8211; 1940); Renato Varela (1909 &#8211; 1946); Maria Em\u00edlia Ferreira (1896 &#8211; 1941); entre outros. Alguns dos seus fados e muitas varia\u00e7\u00f5es de sua autoria fazem ainda parte essencial do report\u00f3rio vulgar do g\u00e9nero nos dias correntes, enaltecendo-se a sua rara qualidade intemporal. FERNANDO FARINHA: \u00c9 uma das vozes mais emblem\u00e1ticas da hist\u00f3ria do fado. Come\u00e7ou a cantar muito jovem e ficou para sempre conhecido como \u201co mi\u00fado da Bica\u201d. Com apenas seis anos de idade, Fernando Farinha j\u00e1 cantava para os seus colegas da escola, e para os vizinhos, que se deliciavam a ouvi-lo, e gostava de imitar Filipe Pinto e Alfredo Marceneiro, no jeito e no gesto, dois grandes nomes do Fado daquela \u00e9poca. Gravou mesmo o primeiro disco com apenas 11 anos. Ao ouvirmos as suas grava\u00e7\u00f5es, editadas no primeiro quartel do s\u00e9culo XX, e inseridas neste CD, logo nos apercebemos das qualidades deste grande int\u00e9rprete de fado, cuja voz se manteve com o timbre e jeito muito pessoal que sempre o caracterizaram, qualidades que o povo portugu\u00eas sempre reconheceu com calorosos aplausos, estima e admira\u00e7\u00e3o. VOZES E SONS DE COIMBRA: A Can\u00e7\u00e3o de Coimbra \u00e9 um g\u00e9nero art\u00edstico expressivo surgido no s\u00e9culo XIX e consolidado no s\u00e9culo XX, que se encontra profundamente inscrito no imagin\u00e1rio acad\u00e9mico e popular da cidade do Mondego. Nos meios estudantis, materializa-se atrav\u00e9s de ritos como a serenata, de recitais de palco e sal\u00e3o e de presta\u00e7\u00f5es vocais e instrumentais. Est\u00e1 associada a uma paisagem sonora fortemente delimitada por vocaliza\u00e7\u00f5es ariosas e pelos sons da Guitarra de Coimbra. Os cinco performers seleccionados neste CD \u2013 Ant\u00f3nio Menano, Paradela de Oliveira, Lucas Junot, Ant\u00f3nio Batoque e Edmundo Bettencourt &#8211; constituem apenas uma pequena amostra quando comparados com o elevado n\u00famero de artistas juniores e seniores que se mantinha em actividade na \u201cgal\u00e1xia sonora coimbr\u00e3\u201d dos loucos anos vinte, tendo muitos deles tamb\u00e9m protagonizado registos fonogr\u00e1ficos que consideramos de interesse relevante para a constitui\u00e7\u00e3o de um arquivo sonoro portugu\u00eas.<\/p>\n<p>CD1 ARMANDINHO<br \/>\nCD2 FERNANDO FARINHA<br \/>\nCD3 VOZES E SONS DE COIMBRA<\/p>\n","protected":false},"excerpt":{"rendered":"<p>ARMANDINHO, FERNANDO FARINHA e VOZES E SONS DE COIMBRA UMA CAIXA DE CORTI\u00c7A COM 3 DIGIBOOKS (livro de capa dura) COM LIVRETOS DE 48 P\u00c1GINAS CADA ARMANDINHO: A guitarra portuguesa est\u00e1, h\u00e1 muito, ligada ao imagin\u00e1rio da m\u00fasica popular portuguesa. Aos guitarristas coube a primazia de compor novas m\u00fasicas, de descobrir e ensaiar novos valores [&#8230;]\n","protected":false},"featured_media":16767,"template":"","meta":[],"product_brand":[],"product_cat":[325,315],"product_tag":[],"class_list":{"0":"post-5942","1":"product","2":"type-product","3":"status-publish","4":"has-post-thumbnail","6":"product_cat-coleccoes-tradisom","7":"product_cat-tradisom","9":"first","10":"instock","11":"shipping-taxable","12":"purchasable","13":"product-type-simple"},"_links":{"self":[{"href":"https:\/\/tradisom.com\/en\/wp-json\/wp\/v2\/product\/5942","targetHints":{"allow":["GET"]}}],"collection":[{"href":"https:\/\/tradisom.com\/en\/wp-json\/wp\/v2\/product"}],"about":[{"href":"https:\/\/tradisom.com\/en\/wp-json\/wp\/v2\/types\/product"}],"wp:featuredmedia":[{"embeddable":true,"href":"https:\/\/tradisom.com\/en\/wp-json\/wp\/v2\/media\/16767"}],"wp:attachment":[{"href":"https:\/\/tradisom.com\/en\/wp-json\/wp\/v2\/media?parent=5942"}],"wp:term":[{"taxonomy":"product_brand","embeddable":true,"href":"https:\/\/tradisom.com\/en\/wp-json\/wp\/v2\/product_brand?post=5942"},{"taxonomy":"product_cat","embeddable":true,"href":"https:\/\/tradisom.com\/en\/wp-json\/wp\/v2\/product_cat?post=5942"},{"taxonomy":"product_tag","embeddable":true,"href":"https:\/\/tradisom.com\/en\/wp-json\/wp\/v2\/product_tag?post=5942"}],"curies":[{"name":"wp","href":"https:\/\/api.w.org\/{rel}","templated":true}]}}

Intérpretes Masculinos

<p>ARMANDINHO, FERNANDO FARINHA e VOZES E SONS DE COIMBRA<br />
UMA CAIXA DE CORTIÇA COM 3 DIGIBOOKS (livro de capa dura) COM LIVRETOS DE 48 PÁGINAS CADA</p>
<p>ARMANDINHO: A guitarra portuguesa está, há muito, ligada ao imaginário da música popular portuguesa. Aos guitarristas coube a primazia de compor novas músicas, de descobrir e ensaiar novos valores e de dirigir o panorama estético das canções urbanas. Com este disco, propomos aos ouvintes a audição daquele que por todos é considerado como um dos maiores vultos na história da guitarra portuguesa e do fado. Armando Augusto Freire, mais conhecido pelo diminutivo e nome artístico de Armandinho, nasceu em 11 de outubro de 1891 e acompanhou em clubes, festas de teatro, casas de fados, e em todo o género de ocasiões todos os grandes nomes do fado e do teatro do seu tempo, entre os quais Amália Rodrigues; Alfredo Marceneiro, que estreou o seu Fado do Estoril; Joaquim Campos; Maria do Carmo (1894 &#8211; 1964); José Porfírio (1909 &#8211; 1940); Renato Varela (1909 &#8211; 1946); Maria Emília Ferreira (1896 &#8211; 1941); entre outros. Alguns dos seus fados e muitas variações de sua autoria fazem ainda parte essencial do reportório vulgar do género nos dias correntes, enaltecendo-se a sua rara qualidade intemporal. FERNANDO FARINHA: É uma das vozes mais emblemáticas da história do fado. Começou a cantar muito jovem e ficou para sempre conhecido como “o miúdo da Bica”. Com apenas seis anos de idade, Fernando Farinha já cantava para os seus colegas da escola, e para os vizinhos, que se deliciavam a ouvi-lo, e gostava de imitar Filipe Pinto e Alfredo Marceneiro, no jeito e no gesto, dois grandes nomes do Fado daquela época. Gravou mesmo o primeiro disco com apenas 11 anos. Ao ouvirmos as suas gravações, editadas no primeiro quartel do século XX, e inseridas neste CD, logo nos apercebemos das qualidades deste grande intérprete de fado, cuja voz se manteve com o timbre e jeito muito pessoal que sempre o caracterizaram, qualidades que o povo português sempre reconheceu com calorosos aplausos, estima e admiração. VOZES E SONS DE COIMBRA: A Canção de Coimbra é um género artístico expressivo surgido no século XIX e consolidado no século XX, que se encontra profundamente inscrito no imaginário académico e popular da cidade do Mondego. Nos meios estudantis, materializa-se através de ritos como a serenata, de recitais de palco e salão e de prestações vocais e instrumentais. Está associada a uma paisagem sonora fortemente delimitada por vocalizações ariosas e pelos sons da Guitarra de Coimbra. Os cinco performers seleccionados neste CD – António Menano, Paradela de Oliveira, Lucas Junot, António Batoque e Edmundo Bettencourt &#8211; constituem apenas uma pequena amostra quando comparados com o elevado número de artistas juniores e seniores que se mantinha em actividade na “galáxia sonora coimbrã” dos loucos anos vinte, tendo muitos deles também protagonizado registos fonográficos que consideramos de interesse relevante para a constituição de um arquivo sonoro português.</p>
<p>CD1 ARMANDINHO<br />
CD2 FERNANDO FARINHA<br />
CD3 VOZES E SONS DE COIMBRA</p>

<p>ARMANDINHO, FERNANDO FARINHA e VOZES E SONS DE COIMBRA UMA CAIXA DE CORTIÇA COM 3 DIGIBOOKS (livro de capa dura) COM LIVRETOS DE 48 PÁGINAS CADA ARMANDINHO: A guitarra portuguesa está, há muito, ligada ao imaginário da música popular portuguesa. Aos guitarristas coube a primazia de compor novas músicas, de descobrir e ensaiar novos valores [&#8230;]
