{"id":515,"date":"2018-03-31T21:58:28","date_gmt":"2018-03-31T20:58:28","guid":{"rendered":"https:\/\/tradisom.com\/\/?post_type=product&#038;p=515"},"modified":"2025-11-18T17:52:32","modified_gmt":"2025-11-18T16:52:32","slug":"memorias-do-fado-armandinho","status":"publish","type":"product","link":"https:\/\/tradisom.com\/en\/product\/memorias-do-fado-armandinho\/","title":{"rendered":"Mem\u00f3rias do Fado &#8211; Armandinho"},"content":{"rendered":"<p>A guitarra portuguesa est\u00e1, h\u00e1 muito, ligada ao imagin\u00e1rio da m\u00fasica popular portuguesa. Aos guitarristas coube a primazia de compor novas m\u00fasicas, de descobrir e ensaiar novos valores e de dirigir o panorama est\u00e9tico das can\u00e7\u00f5es urbanas. Com este disco, propomos aos ouvintes a audi\u00e7\u00e3o daquele que por todos \u00e9 considerado como um dos maiores vultos na hist\u00f3ria da guitarra portuguesa e do fado.<\/p>\n<p>Armando Augusto Freire, mais conhecido pelo diminutivo e nome art\u00edstico de Armandinho, nasceu em 11 de outubro de 1891 e acompanhou em clubes, festas de teatro, casas de fados, e em todo o g\u00e9nero de ocasi\u00f5es todos os grandes nomes do fado e do teatro do seu tempo, entre os quais Am\u00e1lia Rodrigues; Alfredo Marceneiro, que estreou o seu <em>Fado do Estoril<\/em>; Joaquim Campos; Maria do Carmo (1894 &#8211; 1964); Jos\u00e9 Porf\u00edrio (1909 &#8211; 1940); Renato Varela (1909 &#8211; 1946); Maria Em\u00edlia Ferreira (1896 &#8211; 1941); entre outros.<\/p>\n<p>Alguns dos seus fados e muitas varia\u00e7\u00f5es de sua autoria fazem ainda parte essencial do report\u00f3rio vulgar do g\u00e9nero nos dias correntes, enaltecendo-se a sua rara qualidade intemporal.<\/p>\n<p>Cole\u00e7\u00e3o de seis <em>livro-cds <\/em>(livros de capa dura) contendo registos hist\u00f3ricos extra\u00eddos da cole\u00e7\u00e3o de discos de 78 rota\u00e7\u00f5es de Jos\u00e9 Mo\u00e7as, recentemente incorporada no patrim\u00f3nio da Universidade de Aveiro, por doa\u00e7\u00e3o deste.<\/p>\n<p>As grava\u00e7\u00f5es aqui documentadas foram todas registadas nas primeiras d\u00e9cadas do s\u00e9culo XX, transcritas e remasterizadas por um dos melhores t\u00e9cnicos do mundo, o galego Jos\u00e9 Navia.<\/p>\n","protected":false},"excerpt":{"rendered":"<p><iframe loading=\"lazy\" src=\"https:\/\/w.soundcloud.com\/player\/?url=https%3A\/\/api.soundcloud.com\/playlists\/1455922321&amp;color=%23ff5500&amp;auto_play=false&amp;hide_related=false&amp;show_comments=true&amp;show_user=false&amp;show_reposts=false&amp;show_teaser=true\" width=\"100%\" height=\"450\" frameborder=\"no\" scrolling=\"no\"><\/iframe><\/p>\n<div style=\"font-size: 10px; color: #cccccc; line-break: anywhere; word-break: normal; overflow: hidden; white-space: nowrap; text-overflow: ellipsis; font-family: Interstate,Lucida Grande,Lucida Sans Unicode,Lucida Sans,Garuda,Verdana,Tahoma,sans-serif; font-weight: 100;\"><a style=\"color: #cccccc; text-decoration: none;\" title=\"Tradisom\" href=\"https:\/\/soundcloud.com\/tradisom\" target=\"_blank\" rel=\"noopener\">Tradisom<\/a> \u00b7 <a style=\"color: #cccccc; text-decoration: none;\" title=\"Mem\u00f3rias do Fado \u2013 Armandinho\" href=\"https:\/\/soundcloud.com\/tradisom\/sets\/memorias-do-fado-armandinho\" target=\"_blank\" rel=\"noopener\">Mem\u00f3rias do Fado \u2013 Armandinho<\/a><\/div>\n","protected":false},"featured_media":16569,"template":"","meta":[],"product_brand":[],"product_cat":[316,317,315],"product_tag":[],"class_list":{"0":"post-515","1":"product","2":"type-product","3":"status-publish","4":"has-post-thumbnail","6":"product_cat-discos-tradisom","7":"product_cat-fado-discos-tradisom","8":"product_cat-tradisom","10":"first","11":"instock","12":"shipping-taxable","13":"purchasable","14":"product-type-simple"},"_links":{"self":[{"href":"https:\/\/tradisom.com\/en\/wp-json\/wp\/v2\/product\/515","targetHints":{"allow":["GET"]}}],"collection":[{"href":"https:\/\/tradisom.com\/en\/wp-json\/wp\/v2\/product"}],"about":[{"href":"https:\/\/tradisom.com\/en\/wp-json\/wp\/v2\/types\/product"}],"wp:featuredmedia":[{"embeddable":true,"href":"https:\/\/tradisom.com\/en\/wp-json\/wp\/v2\/media\/16569"}],"wp:attachment":[{"href":"https:\/\/tradisom.com\/en\/wp-json\/wp\/v2\/media?parent=515"}],"wp:term":[{"taxonomy":"product_brand","embeddable":true,"href":"https:\/\/tradisom.com\/en\/wp-json\/wp\/v2\/product_brand?post=515"},{"taxonomy":"product_cat","embeddable":true,"href":"https:\/\/tradisom.com\/en\/wp-json\/wp\/v2\/product_cat?post=515"},{"taxonomy":"product_tag","embeddable":true,"href":"https:\/\/tradisom.com\/en\/wp-json\/wp\/v2\/product_tag?post=515"}],"curies":[{"name":"wp","href":"https:\/\/api.w.org\/{rel}","templated":true}]}}

Memórias do Fado &#8211; Armandinho

<p>A guitarra portuguesa está, há muito, ligada ao imaginário da música popular portuguesa. Aos guitarristas coube a primazia de compor novas músicas, de descobrir e ensaiar novos valores e de dirigir o panorama estético das canções urbanas. Com este disco, propomos aos ouvintes a audição daquele que por todos é considerado como um dos maiores vultos na história da guitarra portuguesa e do fado.</p>
<p>Armando Augusto Freire, mais conhecido pelo diminutivo e nome artístico de Armandinho, nasceu em 11 de outubro de 1891 e acompanhou em clubes, festas de teatro, casas de fados, e em todo o género de ocasiões todos os grandes nomes do fado e do teatro do seu tempo, entre os quais Amália Rodrigues; Alfredo Marceneiro, que estreou o seu <em>Fado do Estoril</em>; Joaquim Campos; Maria do Carmo (1894 &#8211; 1964); José Porfírio (1909 &#8211; 1940); Renato Varela (1909 &#8211; 1946); Maria Emília Ferreira (1896 &#8211; 1941); entre outros.</p>
<p>Alguns dos seus fados e muitas variações de sua autoria fazem ainda parte essencial do reportório vulgar do género nos dias correntes, enaltecendo-se a sua rara qualidade intemporal.</p>
<p>Coleção de seis <em>livro-cds </em>(livros de capa dura) contendo registos históricos extraídos da coleção de discos de 78 rotações de José Moças, recentemente incorporada no património da Universidade de Aveiro, por doação deste.</p>
<p>As gravações aqui documentadas foram todas registadas nas primeiras décadas do século XX, transcritas e remasterizadas por um dos melhores técnicos do mundo, o galego José Navia.</p>

<p><iframe loading="lazy" src="https://w.soundcloud.com/player/?url=https%3A//api.soundcloud.com/playlists/1455922321&amp;color=%23ff5500&amp;auto_play=false&amp;hide_related=false&amp;show_comments=true&amp;show_user=false&amp;show_reposts=false&amp;show_teaser=true" width="100%" height="450" frameborder="no" scrolling="no"></iframe></p>
<div style="font-size: 10px; color: #cccccc; line-break: anywhere; word-break: normal; overflow: hidden; white-space: nowrap; text-overflow: ellipsis; font-family: Interstate,Lucida Grande,Lucida Sans Unicode,Lucida Sans,Garuda,Verdana,Tahoma,sans-serif; font-weight: 100;"><a style="color: #cccccc; text-decoration: none;" title="Tradisom" href="https://soundcloud.com/tradisom" target="_blank" rel="noopener">Tradisom</a> · <a style="color: #cccccc; text-decoration: none;" title="Memórias do Fado – Armandinho" href="https://soundcloud.com/tradisom/sets/memorias-do-fado-armandinho" target="_blank" rel="noopener">Memórias do Fado – Armandinho</a></div>
