{"id":475,"date":"2018-03-31T21:26:13","date_gmt":"2018-03-31T20:26:13","guid":{"rendered":"https:\/\/tradisom.com\/\/?post_type=product&#038;p=475"},"modified":"2025-11-18T17:50:49","modified_gmt":"2025-11-18T16:50:49","slug":"amalia-rodrigues-a-diva-do-fado","status":"publish","type":"product","link":"https:\/\/tradisom.com\/en\/product\/amalia-rodrigues-a-diva-do-fado\/","title":{"rendered":"Am\u00e1lia Rodrigues &#8211; A Diva Do Fado"},"content":{"rendered":"<p>Am\u00e1lia Rodrigues com os primeiros fados e can\u00e7\u00f5es por ela gravados, no Brasil e em Portugal. As primeiras dezasseis faixas reportam-se aos fonogramas gravados no Rio de Janeiro pela editora Continental, em Agosto e Setembro de 1945 com acompanhamentos de forma\u00e7\u00e3o vari\u00e1vel, nem sempre indicados do modo mais preciso nos discos originais: com a Orquestra Portuguesa de Guitarras, dirigida por Fernando Freitas, com apenas viola nos cantares flamencos Olhos Verdes e Los Piconeros, e com piano ainda que discreto a acompanhar Fernando Freitas \u00e0 guitarra e Gon\u00e7alves Dias \u00e0 viola nos fados Ai Mouraria, Sardinheiras, Maria da Cruz e Saudades de Ti. As quatro \u00faltimas faixas reportam-se a dois pares de fados gravados em duas sess\u00f5es de grava\u00e7\u00e3o para a Melodia j\u00e1 em Lisboa em 1951 e 1952, ainda antes de Am\u00e1lia come\u00e7ar a gravar com a Valentim de Carvalho em Julho de 1952.<\/p>\n","protected":false},"excerpt":{"rendered":"<p><iframe loading=\"lazy\" src=\"https:\/\/w.soundcloud.com\/player\/?url=https%3A\/\/api.soundcloud.com\/playlists\/1456015048&amp;color=%23ff5500&amp;auto_play=false&amp;hide_related=false&amp;show_comments=true&amp;show_user=false&amp;show_reposts=false&amp;show_teaser=true\" width=\"100%\" height=\"450\" frameborder=\"no\" scrolling=\"no\"><\/iframe><\/p>\n<div style=\"font-size: 10px; color: #cccccc; line-break: anywhere; word-break: normal; overflow: hidden; white-space: nowrap; text-overflow: ellipsis; font-family: Interstate,Lucida Grande,Lucida Sans Unicode,Lucida Sans,Garuda,Verdana,Tahoma,sans-serif; font-weight: 100;\"><a style=\"color: #cccccc; text-decoration: none;\" title=\"Tradisom\" href=\"https:\/\/soundcloud.com\/tradisom\" target=\"_blank\" rel=\"noopener\">Tradisom<\/a> \u00b7 <a style=\"color: #cccccc; text-decoration: none;\" title=\"Novos Arquivos do Fado \u2013 Am\u00e1lia Rodrigues\" href=\"https:\/\/soundcloud.com\/tradisom\/sets\/novos-arquivos-do-fado-amalia-rodrigues\" target=\"_blank\" rel=\"noopener\">Novos Arquivos do Fado \u2013 Am\u00e1lia Rodrigues<\/a><\/div>\n","protected":false},"featured_media":16533,"template":"","meta":[],"product_brand":[],"product_cat":[317,315],"product_tag":[302],"class_list":{"0":"post-475","1":"product","2":"type-product","3":"status-publish","4":"has-post-thumbnail","6":"product_cat-fado-discos-tradisom","7":"product_cat-tradisom","8":"product_tag-destaque","10":"first","11":"instock","12":"shipping-taxable","13":"purchasable","14":"product-type-simple"},"_links":{"self":[{"href":"https:\/\/tradisom.com\/en\/wp-json\/wp\/v2\/product\/475","targetHints":{"allow":["GET"]}}],"collection":[{"href":"https:\/\/tradisom.com\/en\/wp-json\/wp\/v2\/product"}],"about":[{"href":"https:\/\/tradisom.com\/en\/wp-json\/wp\/v2\/types\/product"}],"wp:featuredmedia":[{"embeddable":true,"href":"https:\/\/tradisom.com\/en\/wp-json\/wp\/v2\/media\/16533"}],"wp:attachment":[{"href":"https:\/\/tradisom.com\/en\/wp-json\/wp\/v2\/media?parent=475"}],"wp:term":[{"taxonomy":"product_brand","embeddable":true,"href":"https:\/\/tradisom.com\/en\/wp-json\/wp\/v2\/product_brand?post=475"},{"taxonomy":"product_cat","embeddable":true,"href":"https:\/\/tradisom.com\/en\/wp-json\/wp\/v2\/product_cat?post=475"},{"taxonomy":"product_tag","embeddable":true,"href":"https:\/\/tradisom.com\/en\/wp-json\/wp\/v2\/product_tag?post=475"}],"curies":[{"name":"wp","href":"https:\/\/api.w.org\/{rel}","templated":true}]}}

Amália Rodrigues &#8211; A Diva Do Fado

<p>Amália Rodrigues com os primeiros fados e canções por ela gravados, no Brasil e em Portugal. As primeiras dezasseis faixas reportam-se aos fonogramas gravados no Rio de Janeiro pela editora Continental, em Agosto e Setembro de 1945 com acompanhamentos de formação variável, nem sempre indicados do modo mais preciso nos discos originais: com a Orquestra Portuguesa de Guitarras, dirigida por Fernando Freitas, com apenas viola nos cantares flamencos Olhos Verdes e Los Piconeros, e com piano ainda que discreto a acompanhar Fernando Freitas à guitarra e Gonçalves Dias à viola nos fados Ai Mouraria, Sardinheiras, Maria da Cruz e Saudades de Ti. As quatro últimas faixas reportam-se a dois pares de fados gravados em duas sessões de gravação para a Melodia já em Lisboa em 1951 e 1952, ainda antes de Amália começar a gravar com a Valentim de Carvalho em Julho de 1952.</p>

<p><iframe loading="lazy" src="https://w.soundcloud.com/player/?url=https%3A//api.soundcloud.com/playlists/1456015048&amp;color=%23ff5500&amp;auto_play=false&amp;hide_related=false&amp;show_comments=true&amp;show_user=false&amp;show_reposts=false&amp;show_teaser=true" width="100%" height="450" frameborder="no" scrolling="no"></iframe></p>
<div style="font-size: 10px; color: #cccccc; line-break: anywhere; word-break: normal; overflow: hidden; white-space: nowrap; text-overflow: ellipsis; font-family: Interstate,Lucida Grande,Lucida Sans Unicode,Lucida Sans,Garuda,Verdana,Tahoma,sans-serif; font-weight: 100;"><a style="color: #cccccc; text-decoration: none;" title="Tradisom" href="https://soundcloud.com/tradisom" target="_blank" rel="noopener">Tradisom</a> · <a style="color: #cccccc; text-decoration: none;" title="Novos Arquivos do Fado – Amália Rodrigues" href="https://soundcloud.com/tradisom/sets/novos-arquivos-do-fado-amalia-rodrigues" target="_blank" rel="noopener">Novos Arquivos do Fado – Amália Rodrigues</a></div>
