{"id":445,"date":"2018-03-29T21:01:28","date_gmt":"2018-03-29T20:01:28","guid":{"rendered":"https:\/\/tradisom.com\/\/?post_type=product&#038;p=445"},"modified":"2025-12-12T21:39:56","modified_gmt":"2025-12-12T20:39:56","slug":"portuguese-sound-archives-fado-8","status":"publish","type":"product","link":"https:\/\/tradisom.com\/en\/product\/portuguese-sound-archives-fado-8\/","title":{"rendered":"Fado 08"},"content":{"rendered":"<p>Esta s\u00e9rie de edi\u00e7\u00f5es a que demos o t\u00edtulo de &#8220;ARQUIVOS SONOROS PORTUGUESES &#8211; FADO&#8221; tem como principal objectivo dar a conhecer as grava\u00e7\u00f5es contidas na colec\u00e7\u00e3o de Jos\u00e9 Mo\u00e7as, um arquivo constitu\u00eddo por cerca de 6700 discos de 78 rota\u00e7\u00f5es.<\/p>\n<p>Com a edi\u00e7\u00e3o destes sons abrimos um pouco a curiosidade de muitos f\u00e3s que regularmente nos v\u00e3o questionando sobre os conte\u00fados desta cole\u00e7\u00e3o.<\/p>\n<p>Para mais tarde fica a promessa de uma s\u00e9rie de discos que ir\u00e3o conter estudos cient\u00edficos e detalhados sobre esta \u00e9poca ainda t\u00e3o pouco conhecida da nossa hist\u00f3ria musical.<\/p>\n<p>Mas para j\u00e1 estas grava\u00e7\u00f5es permitam ouvir pela primeira vez alguns nomes, pequenos segredos guardados naqueles preciosos discos.<\/p>\n<p>&nbsp;<\/p>\n<p>01.ALBERTO RIBEIRO-linhas trocadas (1949)<\/p>\n<p>02.AM\u00c1LIA RODRIGUES-duas luzes (1945)<\/p>\n<p>03.ANT\u00d3NIO COELHO-fado em r\u00e9 menor<\/p>\n<p>04.ANT\u00d3NIO MENANO-a maior dor<\/p>\n<p>05.CARLOS CAMPOS-A NOITE (1932)<\/p>\n<p>06.DELPHINA VICTOR-fado dos desejos (1912)<\/p>\n<p>07.ALFREDO MARCENEIRO-ironia<\/p>\n<p>08.EM\u00cdLIA DE OLIVEIRA-Conde Anadia (1906)<\/p>\n<p>09.FERNANDO FARINHA-adeus Mouraria<\/p>\n<p>10.ALFREDO MARQUES-can\u00e7\u00e3o do sobreiro<\/p>\n<p>11.AM\u00c1LIA RODRIGUES-passei por voc\u00ea (1945)<\/p>\n<p>12.SALVADOR FREIRE e GEORGINO DE SOUSA-fado Armandinho<\/p>\n<p>13.FABIA GIL-meu penar (1936)<\/p>\n<p>14.ANT\u00d3NIO COELHO-selec\u00e7\u00e3o de fados<\/p>\n<p>15.ANT\u00d3NIO FRANCISCO DA CONCEI\u00c7\u00c3O-Elsa (1929)<\/p>\n<p>16.EDUARDO DAS NEVES-fado do cora\u00e7\u00e3o (1913)<\/p>\n<p>17.ANT\u00d3NIO RODRIGUES-marcha portuense<\/p>\n<p>18.ANT\u00d3NIO RODRIGUES-o mundo somos n\u00f3s dois<\/p>\n<p>19.ESTER DE ABREU-fado das Caldas (1955)<\/p>\n<p>20.SALVADOR FREIRE e GEORGINO DE SOUSA-varia\u00e7\u00f5es em mi menor<\/p>\n","protected":false},"excerpt":{"rendered":"<p><iframe loading=\"lazy\" src=\"https:\/\/w.soundcloud.com\/player\/?url=https%3A\/\/api.soundcloud.com\/playlists\/1383026914&amp;color=%2354541b&amp;auto_play=false&amp;hide_related=false&amp;show_comments=true&amp;show_user=true&amp;show_reposts=false&amp;show_teaser=true\" width=\"100%\" height=\"450\" frameborder=\"no\" scrolling=\"no\"><\/iframe><\/p>\n<div style=\"font-size: 10px; color: #cccccc; line-break: anywhere; word-break: normal; overflow: hidden; white-space: nowrap; text-overflow: ellipsis; font-family: Interstate,Lucida Grande,Lucida Sans Unicode,Lucida Sans,Garuda,Verdana,Tahoma,sans-serif; font-weight: 100;\"><a style=\"color: #cccccc; text-decoration: none;\" title=\"Tradisom\" href=\"https:\/\/soundcloud.com\/tradisom\" target=\"_blank\" rel=\"noopener\">Tradisom<\/a> \u00b7 <a style=\"color: #cccccc; text-decoration: none;\" title=\"Portuguese Sound Archives: FADO Vol.8\" href=\"https:\/\/soundcloud.com\/tradisom\/sets\/portuguese-sound-archives-fado-vol8\" target=\"_blank\" rel=\"noopener\">Portuguese Sound Archives: FADO Vol.8<\/a><\/div>\n","protected":false},"featured_media":16503,"template":"","meta":[],"product_brand":[],"product_cat":[316,318,315],"product_tag":[],"class_list":{"0":"post-445","1":"product","2":"type-product","3":"status-publish","4":"has-post-thumbnail","6":"product_cat-discos-tradisom","7":"product_cat-portuguese-sound-archives-discos-tradisom","8":"product_cat-tradisom","10":"first","11":"instock","12":"downloadable","13":"virtual","14":"purchasable","15":"product-type-simple"},"_links":{"self":[{"href":"https:\/\/tradisom.com\/en\/wp-json\/wp\/v2\/product\/445","targetHints":{"allow":["GET"]}}],"collection":[{"href":"https:\/\/tradisom.com\/en\/wp-json\/wp\/v2\/product"}],"about":[{"href":"https:\/\/tradisom.com\/en\/wp-json\/wp\/v2\/types\/product"}],"wp:featuredmedia":[{"embeddable":true,"href":"https:\/\/tradisom.com\/en\/wp-json\/wp\/v2\/media\/16503"}],"wp:attachment":[{"href":"https:\/\/tradisom.com\/en\/wp-json\/wp\/v2\/media?parent=445"}],"wp:term":[{"taxonomy":"product_brand","embeddable":true,"href":"https:\/\/tradisom.com\/en\/wp-json\/wp\/v2\/product_brand?post=445"},{"taxonomy":"product_cat","embeddable":true,"href":"https:\/\/tradisom.com\/en\/wp-json\/wp\/v2\/product_cat?post=445"},{"taxonomy":"product_tag","embeddable":true,"href":"https:\/\/tradisom.com\/en\/wp-json\/wp\/v2\/product_tag?post=445"}],"curies":[{"name":"wp","href":"https:\/\/api.w.org\/{rel}","templated":true}]}}

<p>Esta série de edições a que demos o título de &#8220;ARQUIVOS SONOROS PORTUGUESES &#8211; FADO&#8221; tem como principal objectivo dar a conhecer as gravações contidas na colecção de José Moças, um arquivo constituído por cerca de 6700 discos de 78 rotações.</p>
<p>Com a edição destes sons abrimos um pouco a curiosidade de muitos fãs que regularmente nos vão questionando sobre os conteúdos desta coleção.</p>
<p>Para mais tarde fica a promessa de uma série de discos que irão conter estudos científicos e detalhados sobre esta época ainda tão pouco conhecida da nossa história musical.</p>
<p>Mas para já estas gravações permitam ouvir pela primeira vez alguns nomes, pequenos segredos guardados naqueles preciosos discos.</p>
<p>&nbsp;</p>
<p>01.ALBERTO RIBEIRO-linhas trocadas (1949)</p>
<p>02.AMÁLIA RODRIGUES-duas luzes (1945)</p>
<p>03.ANTÓNIO COELHO-fado em ré menor</p>
<p>04.ANTÓNIO MENANO-a maior dor</p>
<p>05.CARLOS CAMPOS-A NOITE (1932)</p>
<p>06.DELPHINA VICTOR-fado dos desejos (1912)</p>
<p>07.ALFREDO MARCENEIRO-ironia</p>
<p>08.EMÍLIA DE OLIVEIRA-Conde Anadia (1906)</p>
<p>09.FERNANDO FARINHA-adeus Mouraria</p>
<p>10.ALFREDO MARQUES-canção do sobreiro</p>
<p>11.AMÁLIA RODRIGUES-passei por você (1945)</p>
<p>12.SALVADOR FREIRE e GEORGINO DE SOUSA-fado Armandinho</p>
<p>13.FABIA GIL-meu penar (1936)</p>
<p>14.ANTÓNIO COELHO-selecção de fados</p>
<p>15.ANTÓNIO FRANCISCO DA CONCEIÇÃO-Elsa (1929)</p>
<p>16.EDUARDO DAS NEVES-fado do coração (1913)</p>
<p>17.ANTÓNIO RODRIGUES-marcha portuense</p>
<p>18.ANTÓNIO RODRIGUES-o mundo somos nós dois</p>
<p>19.ESTER DE ABREU-fado das Caldas (1955)</p>
<p>20.SALVADOR FREIRE e GEORGINO DE SOUSA-variações em mi menor</p>
