{"id":35152,"date":"2024-10-30T12:14:38","date_gmt":"2024-10-30T11:14:38","guid":{"rendered":"https:\/\/tradisom.com\/?post_type=product&#038;p=35152"},"modified":"2026-02-13T18:49:58","modified_gmt":"2026-02-13T17:49:58","slug":"luis-cilia-discografia-completa","status":"publish","type":"product","link":"https:\/\/tradisom.com\/en\/product\/luis-cilia-discografia-completa\/","title":{"rendered":"Lu\u00eds C\u00edlia &#8211; Discografia completa"},"content":{"rendered":"<p>&#8220;Lu\u00eds C\u00edlia foi o primeiro cantor de interven\u00e7\u00e3o que, no ex\u00edlio em Fran\u00e7a, denunciou a guerra colonial e a falta de liberdade em Portugal. Gravando ininterruptamente a partir de 1964, realizou uma actividade musical intensa tanto discogr\u00e1fica como no que se reporta \u00e0 realiza\u00e7\u00e3o de recitais tendo-se profissionalizado em 1967. Mas para al\u00e9m disso, Lu\u00eds C\u00edlia, durante v\u00e1rios anos, dedica-se ao estudo da harmonia e composi\u00e7\u00e3o o que \u00e9 algo invulgar no universo dos cantores de interven\u00e7\u00e3o.&#8221;<br \/>\nEduardo M. Raposo, in <em>Cantores de Abril<\/em>.<\/p>\n<p>Nascido em Angola em 1943, Lu\u00eds C\u00edlia veio para Portugal aos 16 anos. O contacto com a Casa dos Estudantes do Imp\u00e9rio (CEI), resid\u00eancia de estudantes universit\u00e1rios vindos das ex-col\u00f3nias, despertou-lhe uma tend\u00eancia para a actividade pol\u00edtica.<br \/>\nFoi para Paris em Abril de 1964 como forma de recusa numa participa\u00e7\u00e3o na guerra colonial que tinha eclodido em 1961 em Angola. Em Paris, teve a preocupa\u00e7\u00e3o de se dedicar ao estudo da m\u00fasica, designadamente, \u00e0 composi\u00e7\u00e3o.<\/p>\n<p>Lu\u00eds C\u00edlia comp\u00f4s temas musicais utilizando poemas de grandes poetas portugueses, nomeadamente:<br \/>\nAfonso Duarte;<br \/>\nAlmeida Garrett;<br \/>\nAnt\u00f3nio Gede\u00e3o;<br \/>\nCarlos de Oliveira;<br \/>\nDaniel Filipe;<br \/>\nDavid Mour\u00e3o Ferreira;<br \/>\nEug\u00e9nio de Andrade;<br \/>\nFernando Pessoa;<br \/>\nGuerra Junqueiro;<br \/>\nJos\u00e9 Gomes Ferreira;<br \/>\nJos\u00e9 Saramago;<br \/>\nLu\u00eds de Cam\u00f5es;<br \/>\nManuel Alegre;<br \/>\nMiguel Torga;<br \/>\nRui Namorado;<br \/>\nentre outros.<\/p>\n<p>Tem um important\u00edssimo papel na divulga\u00e7\u00e3o da poesia portuguesa pelos recitais em quase todos os pa\u00edses da Europa. Em Paris, cidade onde se exilou, o seu trabalho foi intenso e ininterrupto, desenvolvendo uma actividade num pa\u00eds livre sem que vivesse uma persegui\u00e7\u00e3o pol\u00edtica directa como os que viviam em Portugal.<\/p>\n<p>A sua obra foca-se sobretudo em quatro grandes temas:<br \/>\nO ex\u00edlio;<br \/>\nA repress\u00e3o em Portugal;<br \/>\nDen\u00fancia da Guerra ultramarina;<br \/>\nBusca incessante pela liberdade.<\/p>\n<p><em>O Povo est\u00e1 a morrer,<\/em><br \/>\n<em>Para a guerra \u00e9 mandado,<\/em><br \/>\n<em>Apenas para defender<\/em><br \/>\n<em>Aquilo que foi roubado.<\/em><\/p>\n<p><em>No campo ou na cidade<\/em><br \/>\n<em>O nosso povo n\u00e3o come<\/em><br \/>\n<em>Mas tem a liberdade<\/em><br \/>\n<em>De morrer de fome.<\/em><\/p>\n<p><em>Reformas na Educa\u00e7\u00e3o<\/em><br \/>\n<em>Pedem os nossos estudantes,<\/em><br \/>\n<em>Metem-se todos na pris\u00e3o<\/em><br \/>\n<em>E fica tudo como dantes.<\/em><\/p>\n<p><em>Mas isto vai acabar,<\/em><br \/>\n<em>Vamos dar cabo do fascismo,<\/em><br \/>\n<em>Ent\u00e3o s\u00f3 Povo h\u00e1-de mandar<\/em><br \/>\n<em>Quando houver paz e socialismo.<\/em><\/p>\n<p>Lu\u00eds C\u00edlia<br \/>\nDuas Melodias, in <em>Portugal-Angola: Chants de Lutte<\/em>, 1964<\/p>\n","protected":false},"excerpt":{"rendered":"<p>Livro e 11 CDs com a discografia completa de Lu\u00eds C\u00edlia e com faixas nunca antes editadas.<\/p>\n<p><iframe loading=\"lazy\" title=\"YouTube video player\" src=\"https:\/\/www.youtube.com\/embed\/KStlOT-uMOQ?si=vZuEA_Ar8qamLmR9\" width=\"560\" height=\"315\" frameborder=\"0\" allowfullscreen=\"allowfullscreen\"><\/iframe><\/p>\n","protected":false},"featured_media":35176,"template":"","meta":[],"product_brand":[],"product_cat":[316,404,326,330,324,323,322,403,315],"product_tag":[],"class_list":{"0":"post-35152","1":"product","2":"type-product","3":"status-publish","4":"has-post-thumbnail","6":"product_cat-discos-tradisom","7":"product_cat-documental","8":"product_cat-livros-tradisom","9":"product_cat-outros-livros-tradisom","10":"product_cat-poesia-discos-tradisom","11":"product_cat-popular-discos-tradisom","12":"product_cat-tradicional-discos-tradisom","13":"product_cat-tradicional","14":"product_cat-tradisom","15":"product_shipping_class-livros-europa","17":"first","18":"outofstock","19":"shipping-taxable","20":"purchasable","21":"product-type-simple"},"_links":{"self":[{"href":"https:\/\/tradisom.com\/en\/wp-json\/wp\/v2\/product\/35152","targetHints":{"allow":["GET"]}}],"collection":[{"href":"https:\/\/tradisom.com\/en\/wp-json\/wp\/v2\/product"}],"about":[{"href":"https:\/\/tradisom.com\/en\/wp-json\/wp\/v2\/types\/product"}],"wp:featuredmedia":[{"embeddable":true,"href":"https:\/\/tradisom.com\/en\/wp-json\/wp\/v2\/media\/35176"}],"wp:attachment":[{"href":"https:\/\/tradisom.com\/en\/wp-json\/wp\/v2\/media?parent=35152"}],"wp:term":[{"taxonomy":"product_brand","embeddable":true,"href":"https:\/\/tradisom.com\/en\/wp-json\/wp\/v2\/product_brand?post=35152"},{"taxonomy":"product_cat","embeddable":true,"href":"https:\/\/tradisom.com\/en\/wp-json\/wp\/v2\/product_cat?post=35152"},{"taxonomy":"product_tag","embeddable":true,"href":"https:\/\/tradisom.com\/en\/wp-json\/wp\/v2\/product_tag?post=35152"}],"curies":[{"name":"wp","href":"https:\/\/api.w.org\/{rel}","templated":true}]}}

Luís Cília &#8211; Discografia completa

<p>&#8220;Luís Cília foi o primeiro cantor de intervenção que, no exílio em França, denunciou a guerra colonial e a falta de liberdade em Portugal. Gravando ininterruptamente a partir de 1964, realizou uma actividade musical intensa tanto discográfica como no que se reporta à realização de recitais tendo-se profissionalizado em 1967. Mas para além disso, Luís Cília, durante vários anos, dedica-se ao estudo da harmonia e composição o que é algo invulgar no universo dos cantores de intervenção.&#8221;<br />
Eduardo M. Raposo, in <em>Cantores de Abril</em>.</p>
<p>Nascido em Angola em 1943, Luís Cília veio para Portugal aos 16 anos. O contacto com a Casa dos Estudantes do Império (CEI), residência de estudantes universitários vindos das ex-colónias, despertou-lhe uma tendência para a actividade política.<br />
Foi para Paris em Abril de 1964 como forma de recusa numa participação na guerra colonial que tinha eclodido em 1961 em Angola. Em Paris, teve a preocupação de se dedicar ao estudo da música, designadamente, à composição.</p>
<p>Luís Cília compôs temas musicais utilizando poemas de grandes poetas portugueses, nomeadamente:<br />
Afonso Duarte;<br />
Almeida Garrett;<br />
António Gedeão;<br />
Carlos de Oliveira;<br />
Daniel Filipe;<br />
David Mourão Ferreira;<br />
Eugénio de Andrade;<br />
Fernando Pessoa;<br />
Guerra Junqueiro;<br />
José Gomes Ferreira;<br />
José Saramago;<br />
Luís de Camões;<br />
Manuel Alegre;<br />
Miguel Torga;<br />
Rui Namorado;<br />
entre outros.</p>
<p>Tem um importantíssimo papel na divulgação da poesia portuguesa pelos recitais em quase todos os países da Europa. Em Paris, cidade onde se exilou, o seu trabalho foi intenso e ininterrupto, desenvolvendo uma actividade num país livre sem que vivesse uma perseguição política directa como os que viviam em Portugal.</p>
<p>A sua obra foca-se sobretudo em quatro grandes temas:<br />
O exílio;<br />
A repressão em Portugal;<br />
Denúncia da Guerra ultramarina;<br />
Busca incessante pela liberdade.</p>
<p><em>O Povo está a morrer,</em><br />
<em>Para a guerra é mandado,</em><br />
<em>Apenas para defender</em><br />
<em>Aquilo que foi roubado.</em></p>
<p><em>No campo ou na cidade</em><br />
<em>O nosso povo não come</em><br />
<em>Mas tem a liberdade</em><br />
<em>De morrer de fome.</em></p>
<p><em>Reformas na Educação</em><br />
<em>Pedem os nossos estudantes,</em><br />
<em>Metem-se todos na prisão</em><br />
<em>E fica tudo como dantes.</em></p>
<p><em>Mas isto vai acabar,</em><br />
<em>Vamos dar cabo do fascismo,</em><br />
<em>Então só Povo há-de mandar</em><br />
<em>Quando houver paz e socialismo.</em></p>
<p>Luís Cília<br />
Duas Melodias, in <em>Portugal-Angola: Chants de Lutte</em>, 1964</p>

<p>Livro e 11 CDs com a discografia completa de Luís Cília e com faixas nunca antes editadas.</p>
<p><iframe loading="lazy" title="YouTube video player" src="https://www.youtube.com/embed/KStlOT-uMOQ?si=vZuEA_Ar8qamLmR9" width="560" height="315" frameborder="0" allowfullscreen="allowfullscreen"></iframe></p>
