{"id":33989,"date":"2024-02-05T11:16:59","date_gmt":"2024-02-05T10:16:59","guid":{"rendered":"https:\/\/tradisom.com\/?post_type=product&#038;p=33989"},"modified":"2025-09-01T16:23:37","modified_gmt":"2025-09-01T15:23:37","slug":"claudia-martins-minhotos-marotos-desgarradas-concertinas-e-tradicoes","status":"publish","type":"product","link":"https:\/\/tradisom.com\/en\/product\/claudia-martins-minhotos-marotos-desgarradas-concertinas-e-tradicoes\/","title":{"rendered":"Cl\u00e1udia Martins &#038; Minhotos Marotos &#8211; Desgarradas, Concertinas e Tradi\u00e7\u00f5es"},"content":{"rendered":"<p>\u00c9 nas palavras que nascem as ideias<\/p>\n<p>Ao som das concertinas, embalados pelo Malh\u00e3o, desprende-se a voz do<br \/>\ncantador ou cantadeira, e o despique passa na maioria das vezes pelo humor,<br \/>\nprovoca\u00e7\u00e3o, ironia e brejeirice. Quem ouve, brinda a quem canta com aplau-<br \/>\nsos e sorrisos, \u00e9 um momento que n\u00e3o deixa ningu\u00e9m indiferente, agregando<br \/>\nalegria num verdadeiro fen\u00f3meno cultural e popular.<br \/>\nNos \u00faltimos anos, al\u00e9m das festas e arraiais, o palco medi\u00e1tico e as redes<br \/>\nsociais, t\u00eam impulsionado o surgimento de novos cantadores e cantadeiras,<br \/>\nassegurando que as novas gera\u00e7\u00f5es mantenham esta tradi\u00e7\u00e3o. O patrim\u00f3nio<br \/>\ncultural est\u00e1 longe de se apresentar perante uma vis\u00e3o est\u00e1tica e inalter\u00e1vel.<\/p>\n","protected":false},"excerpt":{"rendered":"<p>Livro com 128 p\u00e1ginas<\/p>\n<p><iframe loading=\"lazy\" title=\"YouTube video player\" src=\"https:\/\/www.youtube.com\/embed\/BG9M6CU5gks?si=PnY3A5rXffYx6nT9\" width=\"560\" height=\"315\" frameborder=\"0\" allowfullscreen=\"allowfullscreen\"><\/iframe><\/p>\n","protected":false},"featured_media":33990,"template":"","meta":[],"product_brand":[],"product_cat":[316,322,315],"product_tag":[],"class_list":{"0":"post-33989","1":"product","2":"type-product","3":"status-publish","4":"has-post-thumbnail","6":"product_cat-discos-tradisom","7":"product_cat-tradicional-discos-tradisom","8":"product_cat-tradisom","10":"first","11":"instock","12":"shipping-taxable","13":"purchasable","14":"product-type-simple"},"_links":{"self":[{"href":"https:\/\/tradisom.com\/en\/wp-json\/wp\/v2\/product\/33989","targetHints":{"allow":["GET"]}}],"collection":[{"href":"https:\/\/tradisom.com\/en\/wp-json\/wp\/v2\/product"}],"about":[{"href":"https:\/\/tradisom.com\/en\/wp-json\/wp\/v2\/types\/product"}],"wp:featuredmedia":[{"embeddable":true,"href":"https:\/\/tradisom.com\/en\/wp-json\/wp\/v2\/media\/33990"}],"wp:attachment":[{"href":"https:\/\/tradisom.com\/en\/wp-json\/wp\/v2\/media?parent=33989"}],"wp:term":[{"taxonomy":"product_brand","embeddable":true,"href":"https:\/\/tradisom.com\/en\/wp-json\/wp\/v2\/product_brand?post=33989"},{"taxonomy":"product_cat","embeddable":true,"href":"https:\/\/tradisom.com\/en\/wp-json\/wp\/v2\/product_cat?post=33989"},{"taxonomy":"product_tag","embeddable":true,"href":"https:\/\/tradisom.com\/en\/wp-json\/wp\/v2\/product_tag?post=33989"}],"curies":[{"name":"wp","href":"https:\/\/api.w.org\/{rel}","templated":true}]}}

Cláudia Martins &#038; Minhotos Marotos &#8211; Desgarradas, Concertinas e Tradições

<p>É nas palavras que nascem as ideias</p>
<p>Ao som das concertinas, embalados pelo Malhão, desprende-se a voz do<br />
cantador ou cantadeira, e o despique passa na maioria das vezes pelo humor,<br />
provocação, ironia e brejeirice. Quem ouve, brinda a quem canta com aplau-<br />
sos e sorrisos, é um momento que não deixa ninguém indiferente, agregando<br />
alegria num verdadeiro fenómeno cultural e popular.<br />
Nos últimos anos, além das festas e arraiais, o palco mediático e as redes<br />
sociais, têm impulsionado o surgimento de novos cantadores e cantadeiras,<br />
assegurando que as novas gerações mantenham esta tradição. O património<br />
cultural está longe de se apresentar perante uma visão estática e inalterável.</p>

<p>Livro com 128 páginas</p>
<p><iframe loading="lazy" title="YouTube video player" src="https://www.youtube.com/embed/BG9M6CU5gks?si=PnY3A5rXffYx6nT9" width="560" height="315" frameborder="0" allowfullscreen="allowfullscreen"></iframe></p>
