{"id":32369,"date":"2023-07-08T15:57:29","date_gmt":"2023-07-08T14:57:29","guid":{"rendered":"https:\/\/tradisom.com\/?post_type=product&#038;p=32369"},"modified":"2025-09-01T16:26:05","modified_gmt":"2025-09-01T15:26:05","slug":"zeca-afonso-balada-do-desterro","status":"publish","type":"product","link":"https:\/\/tradisom.com\/en\/product\/zeca-afonso-balada-do-desterro\/","title":{"rendered":"Zeca Afonso &#8211; Balada do desterro"},"content":{"rendered":"<p>Zeca Afonso \u00e9 visto, d\u00e9cadas depois, por duas mulheres.<\/p>\n<p>A Teresa Moure, galega, escreve a hist\u00f3ria; a Maria Jo\u00e3o Worm, portuguesa, ilustra-a.<\/p>\n<p>Ambas sentem fasc\u00ednio por aquele homem que cantava causas pol\u00edticas.<\/p>\n<p>Mas, entre palavras e silhuetas, ambas tecem uma rede para sustentar um Zeca mais \u00edntimo do que habitualmente os seus camaradas lembram.<\/p>\n<p>Porque, \u00e0s vezes, os grandes nomes da hist\u00f3ria aparecem no momento certo e nas circunst\u00e2ncias prop\u00edcias para serem considerados s\u00edmbolos, mesmo ao seu pesar. Por\u00e9m, antes de se tornar o cantor famoso que deu voz \u00e0 Revolu\u00e7\u00e3o dos Cravos, o Zeca tamb\u00e9m foi um menino que cresceu em terras africanas, um homem que se impregnou nas suas viagens das cores de muitas terras. Num concerto na Galiza, onde foi venerado, conversa com a sua amiga Beg\u00f3nia Moa e come\u00e7a a desvendar alguns segredos.<\/p>\n<p>As suas preocupa\u00e7\u00f5es mostram que est\u00e1 feito de carne humana; carne vulner\u00e1vel que palpita e duvida, que vibra ao contacto com outras peles e depois teme t\u00ea-las magoado, que persegue dar um sentido \u00e0 vida. Tamb\u00e9m \u00e0 morte.<\/p>\n<p>&#8220;Galiza e Jos\u00e9 Afonso: regresso a uma conex\u00e3o humana. N\u00e3o \u00e9 novidade que Jos\u00e9 Afonso (1929-1987) desenvolveu, a partir de um certo per\u00edodo da sua vida, uma forte liga\u00e7\u00e3o com a Galiza, as suas gentes e a sua cultura, liga\u00e7\u00e3o que manteve acesa at\u00e9 \u00e0 morte. Diz-se que foi l\u00e1 que ter\u00e1 cantado pela primeira vez em p\u00fablico a can\u00e7\u00e3o nascida de um poema dedicado \u00e0 Sociedade Musical Fraternidade Oper\u00e1ria Grandolense, escrito em Maio de 1964, e que viria a gravar no \u00e1lbum Cantigas do Maio em 1971: Gr\u00e2ndola vila morena. A hist\u00f3ria desse concerto j\u00e1 foi contada mais de uma vez, mas h\u00e1 um texto do professor e editor galego Arturo Reguera, inclu\u00eddo no CD Gr\u00e2ndola Vila Morena \u2013 Para Sempre Jos\u00e9 Afonso (Ed. n\u00e3o comercial do Munic\u00edpio de Gr\u00e2ndola), que a explica bem.&#8221;<\/p>\n<p>Nuno Pacheco, no \u00cdpsilon do jornal P\u00fablico<\/p>\n","protected":false},"excerpt":{"rendered":"<p>LIVRO DE BANDA DESENHADA SOBRE A VIDA DE JOS\u00c9 AFONSO<\/p>\n<p>192 P\u00c1GINAS<\/p>\n<p>Textos de TERESA MOURE<\/p>\n<p>Ilustra\u00e7\u00f5es de MARIA JO\u00c3O WORM<\/p>\n","protected":false},"featured_media":32751,"template":"","meta":[],"product_brand":[],"product_cat":[404,329,326,330,403,315],"product_tag":[],"class_list":{"0":"post-32369","1":"product","2":"type-product","3":"status-publish","4":"has-post-thumbnail","6":"product_cat-documental","7":"product_cat-infantil-livros-tradisom","8":"product_cat-livros-tradisom","9":"product_cat-outros-livros-tradisom","10":"product_cat-tradicional","11":"product_cat-tradisom","13":"first","14":"instock","15":"shipping-taxable","16":"purchasable","17":"product-type-simple"},"_links":{"self":[{"href":"https:\/\/tradisom.com\/en\/wp-json\/wp\/v2\/product\/32369","targetHints":{"allow":["GET"]}}],"collection":[{"href":"https:\/\/tradisom.com\/en\/wp-json\/wp\/v2\/product"}],"about":[{"href":"https:\/\/tradisom.com\/en\/wp-json\/wp\/v2\/types\/product"}],"wp:featuredmedia":[{"embeddable":true,"href":"https:\/\/tradisom.com\/en\/wp-json\/wp\/v2\/media\/32751"}],"wp:attachment":[{"href":"https:\/\/tradisom.com\/en\/wp-json\/wp\/v2\/media?parent=32369"}],"wp:term":[{"taxonomy":"product_brand","embeddable":true,"href":"https:\/\/tradisom.com\/en\/wp-json\/wp\/v2\/product_brand?post=32369"},{"taxonomy":"product_cat","embeddable":true,"href":"https:\/\/tradisom.com\/en\/wp-json\/wp\/v2\/product_cat?post=32369"},{"taxonomy":"product_tag","embeddable":true,"href":"https:\/\/tradisom.com\/en\/wp-json\/wp\/v2\/product_tag?post=32369"}],"curies":[{"name":"wp","href":"https:\/\/api.w.org\/{rel}","templated":true}]}}

<p>Zeca Afonso é visto, décadas depois, por duas mulheres.</p>
<p>A Teresa Moure, galega, escreve a história; a Maria João Worm, portuguesa, ilustra-a.</p>
<p>Ambas sentem fascínio por aquele homem que cantava causas políticas.</p>
<p>Mas, entre palavras e silhuetas, ambas tecem uma rede para sustentar um Zeca mais íntimo do que habitualmente os seus camaradas lembram.</p>
<p>Porque, às vezes, os grandes nomes da história aparecem no momento certo e nas circunstâncias propícias para serem considerados símbolos, mesmo ao seu pesar. Porém, antes de se tornar o cantor famoso que deu voz à Revolução dos Cravos, o Zeca também foi um menino que cresceu em terras africanas, um homem que se impregnou nas suas viagens das cores de muitas terras. Num concerto na Galiza, onde foi venerado, conversa com a sua amiga Begónia Moa e começa a desvendar alguns segredos.</p>
<p>As suas preocupações mostram que está feito de carne humana; carne vulnerável que palpita e duvida, que vibra ao contacto com outras peles e depois teme tê-las magoado, que persegue dar um sentido à vida. Também à morte.</p>
<p>&#8220;Galiza e José Afonso: regresso a uma conexão humana. Não é novidade que José Afonso (1929-1987) desenvolveu, a partir de um certo período da sua vida, uma forte ligação com a Galiza, as suas gentes e a sua cultura, ligação que manteve acesa até à morte. Diz-se que foi lá que terá cantado pela primeira vez em público a canção nascida de um poema dedicado à Sociedade Musical Fraternidade Operária Grandolense, escrito em Maio de 1964, e que viria a gravar no álbum Cantigas do Maio em 1971: Grândola vila morena. A história desse concerto já foi contada mais de uma vez, mas há um texto do professor e editor galego Arturo Reguera, incluído no CD Grândola Vila Morena – Para Sempre José Afonso (Ed. não comercial do Município de Grândola), que a explica bem.&#8221;</p>
<p>Nuno Pacheco, no Ípsilon do jornal Público</p>

<p>LIVRO DE BANDA DESENHADA SOBRE A VIDA DE JOSÉ AFONSO</p>
<p>192 PÁGINAS</p>
<p>Textos de TERESA MOURE</p>
<p>Ilustrações de MARIA JOÃO WORM</p>
