{"id":30887,"date":"2023-02-19T16:59:01","date_gmt":"2023-02-19T15:59:01","guid":{"rendered":"https:\/\/tradisom.com\/?post_type=product&#038;p=30887"},"modified":"2025-08-31T12:36:46","modified_gmt":"2025-08-31T11:36:46","slug":"pedro-branco-amor-contigo","status":"publish","type":"product","link":"https:\/\/tradisom.com\/en\/product\/pedro-branco-amor-contigo\/","title":{"rendered":"Pedro Branco &#8211; Amor + Contigo"},"content":{"rendered":"<p>Apesar de andar pelos va\u0301rios palcos deste pa\u00eds desde os anos 80, Pedro Branco estreou-se a solo em 2018 com o a\u0301lbum <strong>Contigo<\/strong>. Ao fim de 30 anos de m\u00fasica edita o seu primeiro trabalho de originais.<\/p>\n<p>Pedro Branco lan\u00e7a-se a gravar um disco duplo, onde 14 das suas in\u00fameras can\u00e7\u00f5es ir\u00e3o ganhar um corpo bem diferente daquele que as tem mantido ao longo de todo este tempo, uma vez que s\u00e3o engrandecidas com a participa\u00e7\u00e3o de muitos outros m\u00fasicos amigos. Os momentos musicais s\u00e3o intercalados com a leitura de hist\u00f3rias, da autoria de Manuela de Freitas, Jos\u00e9 Luis Outono, J\u00falio Machado Vaz, Rui Chafes, Jos\u00e9 Fanha e Alexandre Honrado. E, \u00e0 medida que o disco avan\u00e7a, vai entrando em est\u00fadio uma s\u00e9rie de convidados que lhe d\u00e3o cor, como Jo\u00e3o Afonso, Jacqueline Fernandez, Ana La\u00edns, Yara Gutkin, Beatriz Portugal, Carlos Alberto Moniz e mesmo o Coro de Santa Amaro de Oeiras.<\/p>\n<p>O \u00e1lbum <strong>Amor<\/strong> trata-se de uma edi\u00e7\u00e3o em formato especial com livreto de 80 p\u00e1ginas ilustrado por Pedro Sousa Pereira e design de XIXAR\u00b4US. Foi gravado entre outubro de 2021 e abril de 2022, na casa de montanha, ref\u00fagio de Jos\u00e9 M\u00e1rio Branco, pai de Pedro Branco \u2013 a Casa do Pl\u00e1tano \u2013, em plena serra de Montejunto, onde o sossego, a altitude da serra, as folhas ca\u00eddas e a sombra do pl\u00e1tano, que lhe d\u00e1 hoje nome, ativam uma energia m\u00e1gica, \u00fanica e contagiante, que conferem ao presente trabalho um enorme simbolismo sentimental. Ali foi montado o est\u00fadio que durante 1 semana foi recebendo todos os participantes, que se deixaram encantar por todo aquele clima.<\/p>\n<p>Para dar voz a <strong>Amor<\/strong>, Pedro Branco convidou quinze cantoras, com as quais, de algum modo, se identifica, e que se adequam, cada uma a seu modo, \u00e0s diferentes can\u00e7\u00f5es deste trabalho. S\u00e3o quinze vozes, quinze personalidades absolutamente d\u00edspares, tanto na geografia musical, como em termos geracionais, que ilustram este \u201cAmor\u201d: Capicua, Ana Bacalhau, Am\u00e9lia Muge, Luanda Cozetti, Filipa Pais, Sopa de Pedra, Rita Dias, Ana Sofia Paiva, Marta Plantier, Catarina Wallenstein, Eliana Rosa, Maria Anadon, Cl\u00e1udia Andrade, Ux\u00eda e Rita Matos Rocha. Um naipe de vozes absolutamente not\u00e1vel, sem o qual \u201cAmor\u201d n\u00e3o teria sido poss\u00edvel de concretizar. Para o tratamento musical, Pedro Branco contou novamente com a colabora\u00e7\u00e3o de Gon\u00e7alo Alegre, que desta vez assumiu quase todos os arranjos do disco, bem como a sua produ\u00e7\u00e3o.<br \/>\nDe referir, ainda, que o \u00faltimo tema deste disco \u00e9 tamb\u00e9m o seu \u00fanico dueto masculino. Este tem arranjo de Marco Oliveira, intitula-se \u201cSempre Refeito\u201d, e \u00e9 interpretado por Pedro Branco e seu filho Diogo Branco, refor\u00e7ando, dum modo extremamente pessoal e intimista, a enorme carga emocional que percorre todo este trabalho.<br \/>\nPedro Branco dedica <strong>Amor<\/strong> aos homens e \u00e0s mulheres que ao passar pela sua vida deixa(ra)m o seu lugar bem marcado. E que agora se perpetua assim. Para contar ao mundo que podemos ser mais bonitos.<\/p>\n<p>Pedro Branco nasceu em Paris, em 1965, dado que o seu pai, Jos\u00e9 M\u00e1rio Branco, estava exilado em Fran\u00e7a, desde 1962. A inf\u00e2ncia foi passada entre Fran\u00e7a e Portugal, aonde regressou em 1974, para o Porto. Em 1980 muda-se definitivamente para Lisboa, para viver com o pai. Nesse tempo abra\u00e7ou dois projetos, que se revelaram fundamentais na sua forma\u00e7\u00e3o: a Oficina de Drama (na Comuna) e o Bombo da Festa, grupo de m\u00fasica popular portuguesa que fundou e no seio do qual foi explorando as suas capacidades musicais.<br \/>\nAo longo dos tempos, foi atuando, a solo ou em parcerias, em v\u00e1rios espet\u00e1culos de m\u00fasica portuguesa, com Jos\u00e9 M\u00e1rio Branco, Francisco Fanhais, Carlos Alberto Moniz, ou Jorge Palma, entre muitos outros. Em 2018 edita o disco \u201cContigo\u201d.<br \/>\nDurante o ano de 2020, com Alexandre Honrado, comp\u00f5e e produz, para o projeto infantil \u201cContos de casa\u201d, que viria a integrar o Plano Nacional de Leitura. Desde 2021, integra o projeto \u201cPartes\u201d, com Rui Gato, Ricardo Romano e Andr\u00e9 Pereira. Est\u00e1 neste momento envolvido em muitos outros projetos, ligados \u00e0 m\u00fasica, ao teatro e \u00e0 escrita.<\/p>\n<p>&nbsp;<\/p>\n","protected":false},"excerpt":{"rendered":"<p>Venda promocional dos dois discos de Pedro Branco a um pre\u00e7o especial.<\/p>\n<p><strong>Amor<\/strong> custa 25\u20ac<br \/>\n<strong>Contigo <\/strong>custa 15\u20ac<br \/>\nJuntos custam apenas <strong>30\u20ac<\/strong><\/p>\n<p><iframe loading=\"lazy\" width=\"100%\" height=\"450\" scrolling=\"no\" frameborder=\"no\" allow=\"autoplay\" src=\"https:\/\/w.soundcloud.com\/player\/?url=https%3A\/\/api.soundcloud.com\/playlists\/1571954878&#038;color=%23ff5500&#038;auto_play=false&#038;hide_related=false&#038;show_comments=true&#038;show_user=false&#038;show_reposts=false&#038;show_teaser=true\"><\/iframe><\/p>\n<div style=\"font-size: 10px; color: #cccccc;line-break: anywhere;word-break: normal;overflow: hidden;white-space: nowrap;text-overflow: ellipsis; font-family: Interstate,Lucida Grande,Lucida Sans Unicode,Lucida Sans,Garuda,Verdana,Tahoma,sans-serif;font-weight: 100;\"><a href=\"https:\/\/soundcloud.com\/tradisom\" title=\"Tradisom\" target=\"_blank\" style=\"color: #cccccc; text-decoration: none;\" rel=\"noopener\">Tradisom<\/a> \u00b7 <a href=\"https:\/\/soundcloud.com\/tradisom\/sets\/pedro-branco-amor\" title=\"Pedro Branco - Amor\" target=\"_blank\" style=\"color: #cccccc; text-decoration: none;\" rel=\"noopener\">Pedro Branco &#8211; Amor<\/a><\/div>\n<p>CD1<br \/>\n<iframe loading=\"lazy\" src=\"https:\/\/w.soundcloud.com\/player\/?url=https%3A\/\/api.soundcloud.com\/playlists\/1456321291&amp;color=%23ff5500&amp;auto_play=false&amp;hide_related=false&amp;show_comments=true&amp;show_user=false&amp;show_reposts=false&amp;show_teaser=true\" width=\"100%\" height=\"450\" frameborder=\"no\" scrolling=\"no\"><\/iframe><\/p>\n<div style=\"font-size: 10px; color: #cccccc; line-break: anywhere; word-break: normal; overflow: hidden; white-space: nowrap; text-overflow: ellipsis; font-family: Interstate,Lucida Grande,Lucida Sans Unicode,Lucida Sans,Garuda,Verdana,Tahoma,sans-serif; font-weight: 100;\"><a style=\"color: #cccccc; text-decoration: none;\" title=\"Tradisom\" href=\"https:\/\/soundcloud.com\/tradisom\" target=\"_blank\" rel=\"noopener\">Tradisom<\/a> \u00b7 <a style=\"color: #cccccc; text-decoration: none;\" title=\"Pedro Branco - Contigo CD1\" href=\"https:\/\/soundcloud.com\/tradisom\/sets\/pedro-branco-contigo-cd1\" target=\"_blank\" rel=\"noopener\">Pedro Branco &#8211; Contigo CD1<\/a><\/div>\n<p>CD2<br \/>\n<iframe loading=\"lazy\" src=\"https:\/\/w.soundcloud.com\/player\/?url=https%3A\/\/api.soundcloud.com\/playlists\/1456321918&amp;color=%23ff5500&amp;auto_play=false&amp;hide_related=false&amp;show_comments=true&amp;show_user=false&amp;show_reposts=false&amp;show_teaser=true\" width=\"100%\" height=\"450\" frameborder=\"no\" scrolling=\"no\"><\/iframe><\/p>\n<div style=\"font-size: 10px; color: #cccccc; line-break: anywhere; word-break: normal; overflow: hidden; white-space: nowrap; text-overflow: ellipsis; font-family: Interstate,Lucida Grande,Lucida Sans Unicode,Lucida Sans,Garuda,Verdana,Tahoma,sans-serif; font-weight: 100;\"><a style=\"color: #cccccc; text-decoration: none;\" title=\"Tradisom\" href=\"https:\/\/soundcloud.com\/tradisom\" target=\"_blank\" rel=\"noopener\">Tradisom<\/a> \u00b7 <a style=\"color: #cccccc; text-decoration: none;\" title=\"Pedro Branco - Contigo CD2\" href=\"https:\/\/soundcloud.com\/tradisom\/sets\/pedro-branco-contigo-cd2\" target=\"_blank\" rel=\"noopener\">Pedro Branco &#8211; Contigo CD2<\/a><\/div>\n","protected":false},"featured_media":30900,"template":"","meta":[],"product_brand":[],"product_cat":[316,323,315],"product_tag":[],"class_list":{"0":"post-30887","1":"product","2":"type-product","3":"status-publish","4":"has-post-thumbnail","6":"product_cat-discos-tradisom","7":"product_cat-popular-discos-tradisom","8":"product_cat-tradisom","9":"product_shipping_class-cd-ricardo-silva","11":"first","12":"instock","13":"sale","14":"shipping-taxable","15":"purchasable","16":"product-type-simple"},"_links":{"self":[{"href":"https:\/\/tradisom.com\/en\/wp-json\/wp\/v2\/product\/30887","targetHints":{"allow":["GET"]}}],"collection":[{"href":"https:\/\/tradisom.com\/en\/wp-json\/wp\/v2\/product"}],"about":[{"href":"https:\/\/tradisom.com\/en\/wp-json\/wp\/v2\/types\/product"}],"wp:featuredmedia":[{"embeddable":true,"href":"https:\/\/tradisom.com\/en\/wp-json\/wp\/v2\/media\/30900"}],"wp:attachment":[{"href":"https:\/\/tradisom.com\/en\/wp-json\/wp\/v2\/media?parent=30887"}],"wp:term":[{"taxonomy":"product_brand","embeddable":true,"href":"https:\/\/tradisom.com\/en\/wp-json\/wp\/v2\/product_brand?post=30887"},{"taxonomy":"product_cat","embeddable":true,"href":"https:\/\/tradisom.com\/en\/wp-json\/wp\/v2\/product_cat?post=30887"},{"taxonomy":"product_tag","embeddable":true,"href":"https:\/\/tradisom.com\/en\/wp-json\/wp\/v2\/product_tag?post=30887"}],"curies":[{"name":"wp","href":"https:\/\/api.w.org\/{rel}","templated":true}]}}

<p>Apesar de andar pelos vários palcos deste país desde os anos 80, Pedro Branco estreou-se a solo em 2018 com o álbum <strong>Contigo</strong>. Ao fim de 30 anos de música edita o seu primeiro trabalho de originais.</p>
<p>Pedro Branco lança-se a gravar um disco duplo, onde 14 das suas inúmeras canções irão ganhar um corpo bem diferente daquele que as tem mantido ao longo de todo este tempo, uma vez que são engrandecidas com a participação de muitos outros músicos amigos. Os momentos musicais são intercalados com a leitura de histórias, da autoria de Manuela de Freitas, José Luis Outono, Júlio Machado Vaz, Rui Chafes, José Fanha e Alexandre Honrado. E, à medida que o disco avança, vai entrando em estúdio uma série de convidados que lhe dão cor, como João Afonso, Jacqueline Fernandez, Ana Laíns, Yara Gutkin, Beatriz Portugal, Carlos Alberto Moniz e mesmo o Coro de Santa Amaro de Oeiras.</p>
<p>O álbum <strong>Amor</strong> trata-se de uma edição em formato especial com livreto de 80 páginas ilustrado por Pedro Sousa Pereira e design de XIXAR´US. Foi gravado entre outubro de 2021 e abril de 2022, na casa de montanha, refúgio de José Mário Branco, pai de Pedro Branco – a Casa do Plátano –, em plena serra de Montejunto, onde o sossego, a altitude da serra, as folhas caídas e a sombra do plátano, que lhe dá hoje nome, ativam uma energia mágica, única e contagiante, que conferem ao presente trabalho um enorme simbolismo sentimental. Ali foi montado o estúdio que durante 1 semana foi recebendo todos os participantes, que se deixaram encantar por todo aquele clima.</p>
<p>Para dar voz a <strong>Amor</strong>, Pedro Branco convidou quinze cantoras, com as quais, de algum modo, se identifica, e que se adequam, cada uma a seu modo, às diferentes canções deste trabalho. São quinze vozes, quinze personalidades absolutamente díspares, tanto na geografia musical, como em termos geracionais, que ilustram este “Amor”: Capicua, Ana Bacalhau, Amélia Muge, Luanda Cozetti, Filipa Pais, Sopa de Pedra, Rita Dias, Ana Sofia Paiva, Marta Plantier, Catarina Wallenstein, Eliana Rosa, Maria Anadon, Cláudia Andrade, Uxía e Rita Matos Rocha. Um naipe de vozes absolutamente notável, sem o qual “Amor” não teria sido possível de concretizar. Para o tratamento musical, Pedro Branco contou novamente com a colaboração de Gonçalo Alegre, que desta vez assumiu quase todos os arranjos do disco, bem como a sua produção.<br />
De referir, ainda, que o último tema deste disco é também o seu único dueto masculino. Este tem arranjo de Marco Oliveira, intitula-se “Sempre Refeito”, e é interpretado por Pedro Branco e seu filho Diogo Branco, reforçando, dum modo extremamente pessoal e intimista, a enorme carga emocional que percorre todo este trabalho.<br />
Pedro Branco dedica <strong>Amor</strong> aos homens e às mulheres que ao passar pela sua vida deixa(ra)m o seu lugar bem marcado. E que agora se perpetua assim. Para contar ao mundo que podemos ser mais bonitos.</p>
<p>Pedro Branco nasceu em Paris, em 1965, dado que o seu pai, José Mário Branco, estava exilado em França, desde 1962. A infância foi passada entre França e Portugal, aonde regressou em 1974, para o Porto. Em 1980 muda-se definitivamente para Lisboa, para viver com o pai. Nesse tempo abraçou dois projetos, que se revelaram fundamentais na sua formação: a Oficina de Drama (na Comuna) e o Bombo da Festa, grupo de música popular portuguesa que fundou e no seio do qual foi explorando as suas capacidades musicais.<br />
Ao longo dos tempos, foi atuando, a solo ou em parcerias, em vários espetáculos de música portuguesa, com José Mário Branco, Francisco Fanhais, Carlos Alberto Moniz, ou Jorge Palma, entre muitos outros. Em 2018 edita o disco “Contigo”.<br />
Durante o ano de 2020, com Alexandre Honrado, compõe e produz, para o projeto infantil “Contos de casa”, que viria a integrar o Plano Nacional de Leitura. Desde 2021, integra o projeto “Partes”, com Rui Gato, Ricardo Romano e André Pereira. Está neste momento envolvido em muitos outros projetos, ligados à música, ao teatro e à escrita.</p>
<p>&nbsp;</p>

<p>Venda promocional dos dois discos de Pedro Branco a um preço especial.</p>
<p><strong>Amor</strong> custa 25€<br />
<strong>Contigo </strong>custa 15€<br />
Juntos custam apenas <strong>30€</strong></p>
<p><iframe loading="lazy" width="100%" height="450" scrolling="no" frameborder="no" allow="autoplay" src="https://w.soundcloud.com/player/?url=https%3A//api.soundcloud.com/playlists/1571954878&#038;color=%23ff5500&#038;auto_play=false&#038;hide_related=false&#038;show_comments=true&#038;show_user=false&#038;show_reposts=false&#038;show_teaser=true"></iframe></p>
<div style="font-size: 10px; color: #cccccc;line-break: anywhere;word-break: normal;overflow: hidden;white-space: nowrap;text-overflow: ellipsis; font-family: Interstate,Lucida Grande,Lucida Sans Unicode,Lucida Sans,Garuda,Verdana,Tahoma,sans-serif;font-weight: 100;"><a href="https://soundcloud.com/tradisom" title="Tradisom" target="_blank" style="color: #cccccc; text-decoration: none;" rel="noopener">Tradisom</a> · <a href="https://soundcloud.com/tradisom/sets/pedro-branco-amor" title="Pedro Branco - Amor" target="_blank" style="color: #cccccc; text-decoration: none;" rel="noopener">Pedro Branco &#8211; Amor</a></div>
<p>CD1<br />
<iframe loading="lazy" src="https://w.soundcloud.com/player/?url=https%3A//api.soundcloud.com/playlists/1456321291&amp;color=%23ff5500&amp;auto_play=false&amp;hide_related=false&amp;show_comments=true&amp;show_user=false&amp;show_reposts=false&amp;show_teaser=true" width="100%" height="450" frameborder="no" scrolling="no"></iframe></p>
<div style="font-size: 10px; color: #cccccc; line-break: anywhere; word-break: normal; overflow: hidden; white-space: nowrap; text-overflow: ellipsis; font-family: Interstate,Lucida Grande,Lucida Sans Unicode,Lucida Sans,Garuda,Verdana,Tahoma,sans-serif; font-weight: 100;"><a style="color: #cccccc; text-decoration: none;" title="Tradisom" href="https://soundcloud.com/tradisom" target="_blank" rel="noopener">Tradisom</a> · <a style="color: #cccccc; text-decoration: none;" title="Pedro Branco - Contigo CD1" href="https://soundcloud.com/tradisom/sets/pedro-branco-contigo-cd1" target="_blank" rel="noopener">Pedro Branco &#8211; Contigo CD1</a></div>
<p>CD2<br />
<iframe loading="lazy" src="https://w.soundcloud.com/player/?url=https%3A//api.soundcloud.com/playlists/1456321918&amp;color=%23ff5500&amp;auto_play=false&amp;hide_related=false&amp;show_comments=true&amp;show_user=false&amp;show_reposts=false&amp;show_teaser=true" width="100%" height="450" frameborder="no" scrolling="no"></iframe></p>
<div style="font-size: 10px; color: #cccccc; line-break: anywhere; word-break: normal; overflow: hidden; white-space: nowrap; text-overflow: ellipsis; font-family: Interstate,Lucida Grande,Lucida Sans Unicode,Lucida Sans,Garuda,Verdana,Tahoma,sans-serif; font-weight: 100;"><a style="color: #cccccc; text-decoration: none;" title="Tradisom" href="https://soundcloud.com/tradisom" target="_blank" rel="noopener">Tradisom</a> · <a style="color: #cccccc; text-decoration: none;" title="Pedro Branco - Contigo CD2" href="https://soundcloud.com/tradisom/sets/pedro-branco-contigo-cd2" target="_blank" rel="noopener">Pedro Branco &#8211; Contigo CD2</a></div>
