{"id":17380,"date":"2021-09-30T17:52:13","date_gmt":"2021-09-30T16:52:13","guid":{"rendered":"https:\/\/tradisom.com\/?post_type=product&#038;p=17380"},"modified":"2026-08-26T14:19:49","modified_gmt":"2026-08-26T13:19:49","slug":"ricardo-silva-a-guitarra-e-as-violas","status":"publish","type":"product","link":"https:\/\/tradisom.com\/en\/product\/ricardo-silva-a-guitarra-e-as-violas\/","title":{"rendered":"Ricardo Silva &#8211; A guitarra e as violas"},"content":{"rendered":"<p>No mais profundo recanto, do interior ao litoral, no ponto mais alto da serra, nas plan\u00edcies e nas montanhas, nas praias, nos campos, nas ilhas e nos ilh\u00e9us, h\u00e1 um pa\u00eds \u00e0 janela, olhar terno, nost\u00e1lgico e quente, h\u00e1 um povo enraizado a transbordar tradi\u00e7\u00f5es e costumes. Existe um tudo nada que nos faz inteiros e a quem chamamos saudade. O seu pensamento \u00e9 long\u00ednquo e n\u00e3o conhece horizontes, ultrapassa o desconhecido e crava no seu rosto, em cada ruga, as mem\u00f3rias de aromas e sabores, de texturas e paisagens, de sons: uma imensur\u00e1vel roda-viva de sotaques, express\u00f5es, cantos, ritmos, melodias, murm\u00farios e clamores\u2026gentes que usam a voz como fertilizante da alma, tal como as sementes que brotam do seu solo prol\u00edfico. Assim a m\u00fasica nasce como express\u00e3o maior do seu sentir&#8230;\u00e9 esta a terra que me apaixona!<\/p>\n<p>Se h\u00e1 uma guitarra que \u00e9 portuguesa, h\u00e1 igualmente um instrumento com tamanha carga simb\u00f3lica, que aclama a generosidade de um povo, que atravessa gera\u00e7\u00f5es e que cada vez mais se faz ouvir \u2013 as Violas de Arame Portuguesas. Instrumentos populares, de uma nobreza \u00edmpar, que s\u00e3o o retrato de um Portugal r\u00fastico, genu\u00edno, rico e profundo, pequeno em territ\u00f3rio, mas imenso na sua diversidade cultural.<\/p>\n<p>Um m\u00fasico por can\u00e7\u00e3o &#8211; uma can\u00e7\u00e3o por viola &#8211; uma viola por regi\u00e3o\u2026<br \/>\nEste trabalho \u00e9 (maioritariamente) uma recolha de can\u00e7\u00f5es tradicionais oriundas das<br \/>\nregi\u00f5es a que cada viola pertence e que s\u00e3o parte do nosso imagin\u00e1rio coletivo. \u00c9 uma viagem musical de norte a sul do pa\u00eds, que passa pelas ilhas e vai al\u00e9m-fronteiras, transformando essas mesmas can\u00e7\u00f5es em di\u00e1logos entre a guitarra portuguesa e a respetiva viola de arame. N\u00e3o se pretende criar uma disserta\u00e7\u00e3o hist\u00f3rica sobre cada uma delas, sendo que cada descri\u00e7\u00e3o que aqui se apresenta \u00e9 simplesmente o testemunho resumido de cada um dos m\u00fasicos convidados, que generosamente transmitiram os seus conhecimentos acerca do seu instrumento, bem como a<br \/>\nced\u00eancia das imagens. Assim, o intuito deste \u00e1lbum \u00e9 t\u00e3o somente homenagear todas as violas de arame e os seus cultores.<\/p>\n<p><img loading=\"lazy\" decoding=\"async\" class=\"alignnone size-medium wp-image-17394\" src=\"https:\/\/tradisom.com\/wp-content\/uploads\/2021\/09\/ricardo-silva-obrigado-800x400.jpg\" alt=\"Ricardo Silva Agradecimentos\" width=\"800\" height=\"400\" srcset=\"https:\/\/tradisom.com\/wp-content\/uploads\/2021\/09\/ricardo-silva-obrigado-800x400.jpg 800w, https:\/\/tradisom.com\/wp-content\/uploads\/2021\/09\/ricardo-silva-obrigado-768x384.jpg 768w, https:\/\/tradisom.com\/wp-content\/uploads\/2021\/09\/ricardo-silva-obrigado-600x300.jpg 600w, https:\/\/tradisom.com\/wp-content\/uploads\/2021\/09\/ricardo-silva-obrigado.jpg 1200w\" sizes=\"auto, (max-width: 800px) 100vw, 800px\" \/><\/p>\n","protected":false},"excerpt":{"rendered":"<p>S\u00f3 MP3<\/p>\n<p><iframe loading=\"lazy\" src=\"https:\/\/w.soundcloud.com\/player\/?url=https%3A\/\/api.soundcloud.com\/playlists\/1330171555&amp;color=%2354541b&amp;auto_play=false&amp;hide_related=false&amp;show_comments=false&amp;show_user=true&amp;show_reposts=false&amp;show_teaser=true\" width=\"100%\" height=\"450\" frameborder=\"no\" scrolling=\"no\"><\/iframe><\/p>\n<div style=\"font-size: 10px; color: #cccccc; line-break: anywhere; word-break: normal; overflow: hidden; white-space: nowrap; text-overflow: ellipsis; font-family: Interstate,Lucida Grande,Lucida Sans Unicode,Lucida Sans,Garuda,Verdana,Tahoma,sans-serif; font-weight: 100;\"><a style=\"color: #cccccc; text-decoration: none;\" title=\"Tradisom\" href=\"https:\/\/soundcloud.com\/tradisom\" target=\"_blank\" rel=\"noopener\">Tradisom<\/a> \u00b7 <a style=\"color: #cccccc; text-decoration: none;\" title=\"Ricardo Silva \u2013 a guitarra e as violas\" href=\"https:\/\/soundcloud.com\/tradisom\/sets\/ricardo-silva-a-guitarra-e-as-violas\" target=\"_blank\" rel=\"noopener\">Ricardo Silva \u2013 a guitarra e as violas<\/a><\/div>\n","protected":false},"featured_media":17381,"template":"","meta":[],"product_brand":[],"product_cat":[380,315],"product_tag":[],"class_list":["post-17380","product","type-product","status-publish","has-post-thumbnail","product_cat-mp3","product_cat-tradisom","first","instock","shipping-taxable","purchasable","product-type-simple"],"_links":{"self":[{"href":"https:\/\/tradisom.com\/en\/wp-json\/wp\/v2\/product\/17380","targetHints":{"allow":["GET"]}}],"collection":[{"href":"https:\/\/tradisom.com\/en\/wp-json\/wp\/v2\/product"}],"about":[{"href":"https:\/\/tradisom.com\/en\/wp-json\/wp\/v2\/types\/product"}],"wp:featuredmedia":[{"embeddable":true,"href":"https:\/\/tradisom.com\/en\/wp-json\/wp\/v2\/media\/17381"}],"wp:attachment":[{"href":"https:\/\/tradisom.com\/en\/wp-json\/wp\/v2\/media?parent=17380"}],"wp:term":[{"taxonomy":"product_brand","embeddable":true,"href":"https:\/\/tradisom.com\/en\/wp-json\/wp\/v2\/product_brand?post=17380"},{"taxonomy":"product_cat","embeddable":true,"href":"https:\/\/tradisom.com\/en\/wp-json\/wp\/v2\/product_cat?post=17380"},{"taxonomy":"product_tag","embeddable":true,"href":"https:\/\/tradisom.com\/en\/wp-json\/wp\/v2\/product_tag?post=17380"}],"curies":[{"name":"wp","href":"https:\/\/api.w.org\/{rel}","templated":true}]}}

<p>No mais profundo recanto, do interior ao litoral, no ponto mais alto da serra, nas planícies e nas montanhas, nas praias, nos campos, nas ilhas e nos ilhéus, há um país à janela, olhar terno, nostálgico e quente, há um povo enraizado a transbordar tradições e costumes. Existe um tudo nada que nos faz inteiros e a quem chamamos saudade. O seu pensamento é longínquo e não conhece horizontes, ultrapassa o desconhecido e crava no seu rosto, em cada ruga, as memórias de aromas e sabores, de texturas e paisagens, de sons: uma imensurável roda-viva de sotaques, expressões, cantos, ritmos, melodias, murmúrios e clamores…gentes que usam a voz como fertilizante da alma, tal como as sementes que brotam do seu solo prolífico. Assim a música nasce como expressão maior do seu sentir&#8230;é esta a terra que me apaixona!</p>
<p>Se há uma guitarra que é portuguesa, há igualmente um instrumento com tamanha carga simbólica, que aclama a generosidade de um povo, que atravessa gerações e que cada vez mais se faz ouvir – as Violas de Arame Portuguesas. Instrumentos populares, de uma nobreza ímpar, que são o retrato de um Portugal rústico, genuíno, rico e profundo, pequeno em território, mas imenso na sua diversidade cultural.</p>
<p>Um músico por canção &#8211; uma canção por viola &#8211; uma viola por região…<br />
Este trabalho é (maioritariamente) uma recolha de canções tradicionais oriundas das<br />
regiões a que cada viola pertence e que são parte do nosso imaginário coletivo. É uma viagem musical de norte a sul do país, que passa pelas ilhas e vai além-fronteiras, transformando essas mesmas canções em diálogos entre a guitarra portuguesa e a respetiva viola de arame. Não se pretende criar uma dissertação histórica sobre cada uma delas, sendo que cada descrição que aqui se apresenta é simplesmente o testemunho resumido de cada um dos músicos convidados, que generosamente transmitiram os seus conhecimentos acerca do seu instrumento, bem como a<br />
cedência das imagens. Assim, o intuito deste álbum é tão somente homenagear todas as violas de arame e os seus cultores.</p>
<p><img loading="lazy" decoding="async" class="alignnone size-medium wp-image-17394" src="https://tradisom.com/wp-content/uploads/2021/09/ricardo-silva-obrigado-800x400.jpg" alt="Ricardo Silva Agradecimentos" width="800" height="400" srcset="https://tradisom.com/wp-content/uploads/2021/09/ricardo-silva-obrigado-800x400.jpg 800w, https://tradisom.com/wp-content/uploads/2021/09/ricardo-silva-obrigado-768x384.jpg 768w, https://tradisom.com/wp-content/uploads/2021/09/ricardo-silva-obrigado-600x300.jpg 600w, https://tradisom.com/wp-content/uploads/2021/09/ricardo-silva-obrigado.jpg 1200w" sizes="auto, (max-width: 800px) 100vw, 800px" /></p>

<p>Só MP3</p>
<p><iframe loading="lazy" src="https://w.soundcloud.com/player/?url=https%3A//api.soundcloud.com/playlists/1330171555&amp;color=%2354541b&amp;auto_play=false&amp;hide_related=false&amp;show_comments=false&amp;show_user=true&amp;show_reposts=false&amp;show_teaser=true" width="100%" height="450" frameborder="no" scrolling="no"></iframe></p>
<div style="font-size: 10px; color: #cccccc; line-break: anywhere; word-break: normal; overflow: hidden; white-space: nowrap; text-overflow: ellipsis; font-family: Interstate,Lucida Grande,Lucida Sans Unicode,Lucida Sans,Garuda,Verdana,Tahoma,sans-serif; font-weight: 100;"><a style="color: #cccccc; text-decoration: none;" title="Tradisom" href="https://soundcloud.com/tradisom" target="_blank" rel="noopener">Tradisom</a> · <a style="color: #cccccc; text-decoration: none;" title="Ricardo Silva – a guitarra e as violas" href="https://soundcloud.com/tradisom/sets/ricardo-silva-a-guitarra-e-as-violas" target="_blank" rel="noopener">Ricardo Silva – a guitarra e as violas</a></div>
