{"id":12695,"date":"2018-05-09T21:39:43","date_gmt":"2018-05-09T20:39:43","guid":{"rendered":"https:\/\/tradisom.com\/\/product\/contigo\/"},"modified":"2023-01-01T00:02:08","modified_gmt":"2022-12-31T23:02:08","slug":"contigo","status":"publish","type":"product","link":"https:\/\/tradisom.com\/en\/product\/contigo\/","title":{"rendered":"Contigo"},"content":{"rendered":"<p class=\"p1\">There&#8217;s something megalomanous about this debut record by Pedro Branco.<br \/>\nIt&#8217;s as if he is starting his journey with a tribute album, full of colaborators and small luxuries. But the excentricty is fully justified. Although the general public is not familiar with him, Pedro is not exactly a rookie. A teacher and a songwiter, he has a long career behing him, even if so far that career has been confined to a discreet circle. Only now, in this relatively exuberant way, Pedro reveals himself to the world, with the ingredients of a big bang, as all of this material had been compressed, only now finding an opportunity to expand itself.<br \/>\nMaybe the fact that he is Jos\u00e9 M\u00e1rio Branco&#8217;s son has inhibited him from recording a record before. He carries a heavy legacy. And Contigo makes it clear that that legacy also reveals itself musically: not only on the voice&#8217;s timber but also on the type of arrangements and even on the explicit liasion to the stage and to the word.<br \/>\nThe record is built like a show. The musical moments alternate with the reading of stories by Manuela de Freitas, Jos\u00e9 Lu\u00eds Outono, J\u00falio Machado Vaz, Rui Chafes, Jos\u00e9 Fanha and Alexandre Honrado. And as the record progresses many guests show up to lend it some new colours: Jo\u00e3o Afonso, Jacqueline Fernandez, Ana Lains, Yara Gutkin, Beatriz Portugal, Carlos Alberto Moniz and even the [choir] Coro de Santo Amaro de Oeiras are some of them.<\/p>\n","protected":false},"excerpt":{"rendered":"[zoomsounds id=&#8221;contigo&#8221;]\n","protected":false},"featured_media":30824,"template":"","meta":[],"product_brand":[],"product_cat":[345,350,342],"product_tag":[],"class_list":{"0":"post-12695","1":"product","2":"type-product","3":"status-publish","4":"has-post-thumbnail","6":"product_cat-discos-tradisom-en","7":"product_cat-popular-discos-tradisom-en","8":"product_cat-tradisom-en","10":"first","11":"instock","12":"shipping-taxable","13":"purchasable","14":"product-type-simple"},"_links":{"self":[{"href":"https:\/\/tradisom.com\/en\/wp-json\/wp\/v2\/product\/12695","targetHints":{"allow":["GET"]}}],"collection":[{"href":"https:\/\/tradisom.com\/en\/wp-json\/wp\/v2\/product"}],"about":[{"href":"https:\/\/tradisom.com\/en\/wp-json\/wp\/v2\/types\/product"}],"wp:featuredmedia":[{"embeddable":true,"href":"https:\/\/tradisom.com\/en\/wp-json\/wp\/v2\/media\/30824"}],"wp:attachment":[{"href":"https:\/\/tradisom.com\/en\/wp-json\/wp\/v2\/media?parent=12695"}],"wp:term":[{"taxonomy":"product_brand","embeddable":true,"href":"https:\/\/tradisom.com\/en\/wp-json\/wp\/v2\/product_brand?post=12695"},{"taxonomy":"product_cat","embeddable":true,"href":"https:\/\/tradisom.com\/en\/wp-json\/wp\/v2\/product_cat?post=12695"},{"taxonomy":"product_tag","embeddable":true,"href":"https:\/\/tradisom.com\/en\/wp-json\/wp\/v2\/product_tag?post=12695"}],"curies":[{"name":"wp","href":"https:\/\/api.w.org\/{rel}","templated":true}]}}

<p class="p1">There&#8217;s something megalomanous about this debut record by Pedro Branco.<br />
It&#8217;s as if he is starting his journey with a tribute album, full of colaborators and small luxuries. But the excentricty is fully justified. Although the general public is not familiar with him, Pedro is not exactly a rookie. A teacher and a songwiter, he has a long career behing him, even if so far that career has been confined to a discreet circle. Only now, in this relatively exuberant way, Pedro reveals himself to the world, with the ingredients of a big bang, as all of this material had been compressed, only now finding an opportunity to expand itself.<br />
Maybe the fact that he is José Mário Branco&#8217;s son has inhibited him from recording a record before. He carries a heavy legacy. And Contigo makes it clear that that legacy also reveals itself musically: not only on the voice&#8217;s timber but also on the type of arrangements and even on the explicit liasion to the stage and to the word.<br />
The record is built like a show. The musical moments alternate with the reading of stories by Manuela de Freitas, José Luís Outono, Júlio Machado Vaz, Rui Chafes, José Fanha and Alexandre Honrado. And as the record progresses many guests show up to lend it some new colours: João Afonso, Jacqueline Fernandez, Ana Lains, Yara Gutkin, Beatriz Portugal, Carlos Alberto Moniz and even the [choir] Coro de Santo Amaro de Oeiras are some of them.</p>
