{"id":12676,"date":"2018-05-04T00:20:05","date_gmt":"2018-05-03T22:20:05","guid":{"rendered":"https:\/\/tradisom.com\/\/product\/colecao-amalia-no-mundo\/"},"modified":"2018-05-03T23:20:05","modified_gmt":"2018-05-03T22:20:05","slug":"colecao-amalia-no-mundo","status":"publish","type":"product","link":"https:\/\/tradisom.com\/en\/product\/colecao-amalia-no-mundo\/","title":{"rendered":"CENTEN\u00c1RIO DO NASCIMENTO DE AM\u00c1LIA RODRIGUES (1920\/2020) &#8211; Cole\u00e7\u00e3o Am\u00e1lia no Mundo"},"content":{"rendered":"<p class=\"p1\"><b>CENTEN\u00c1RIO DO NASCIMENTO DE AM\u00c1LIA RODRIGUES (1920\/2020)<\/b><\/p>\n<p class=\"p1 uppercase\"><b>Cole\u00e7\u00e3o Am\u00e1lia no Mundo<\/b><\/p>\n<p class=\"p2 uppercase\"><strong>1000 NUMBERED COPIES<\/strong><\/p>\n<p class=\"p1\">Tradisom Cultural Productions is proud to present AM\u00c1LIA NO MUNDO \u2013 MEM\u00d3RIAS DO FADO (Am\u00e1lia no Mundo \u2013 Memories of Fado), a special edition destined to prove the universality of the great fado Diva and to celebrate the 100<span class=\"s1\"><sup>th<\/sup><\/span> birthday of fado&#8217;s greatest personality.<\/p>\n<p class=\"p1\">This colection consists of a silk lined box including:<\/p>\n<p>\u203a A hard cover book titled Am\u00e1lia no Mundo \u2013 Sinais de uma Vida nos Sulcos do Vinil.<br \/>\n\u203a A colection of six books\/CDs titled Mem\u00f3rias do Fado, featuring historial recordings of fado&#8217;s main interpreters, who have turned this musical genre into the so called national song, recently declared by Unesco as Intangible Heritage of Humanity.<\/p>\n<p class=\"p1\">\u203a One LP (vinyl record) titled Am\u00e1lia \u2013 Os maiores \u00eaxitos, with the most emblematic of Am\u00e1lia Rodrigues&#8217; interpretations.<\/p>\n<p class=\"p1\">Despite the profusion of records and books released about Am\u00e1lia Rodrigues for the last decades and especially after her death in 1999, we were certain we would be able to offer something unreleased.<\/p>\n<p class=\"p1\">Indeed, this release \u2013 the book alone features about 600 images \u2013 introduces us to the history of Am\u00e1lia Rodrigues&#8217; discography and her musical career all across the world, through the covers of the vinyl records she released over the span of five decades, bringing her music to every continent.<\/p>\n<p class=\"p1\">Book features:<\/p>\n<p class=\"p1\">Hardcover book with dust jacket, 10 x 10 inches, 320 pages in 170 gr coated paper, profusely illustrated, including two CD.<\/p>\n<p class=\"p1\">CD 1: On this CD you can find a set of flamenco performances typical of Am\u00e1lia&#8217;s early years. These are all mytical recordings, from Ojos Verdes e Los Piconeros, hits that she recorded in Brazil in 1945, to classics sung in Spanish, in 78&#8221;, like the Abbey Road ones, from 1953, the New York LP (\u201cFado and Flamenco\u201d) and a few from Paris. These recordings shed some light on the \u201cgypsier\u201d profile of an artist that has always considered herself as an \u201cIberian singer\u201d.<\/p>\n<p>CD 2: Also looking to collect the songs of Am\u00e1lia&#8217;s international repertoire, this second album includes songs interpreted in other languages, from the period from 1958 to 1960, when Am\u00e1lia was recording for the label Ducretet Thomson.From the record \u201cAm\u00e1lia Chante en Fran\u00e7ais\u201d we highlight an emblematic song, \u201cA\u00efe Mourir Pour Toi\u201d, written for her by Charles Aznavour, among many other tracks featured here.<\/p>\n<p class=\"p1\">Set of six books\/CDs (hardcover book with a CD) featuring historical recordings taken from Jos\u00e9 Mo\u00e7a&#8217;s collection of 78 rpm records, the largest in Portugal.<\/p>\n<p class=\"p1\">These recordings all date back to the first decades of the 20<span class=\"s1\"><sup>th<\/sup><\/span> century and have been transcribed and remasterized by one of the best techicians in the world, the Galician Jos\u00e9 Navia.<\/p>\n<p class=\"p1\">The set of books\/CDs features the following titles:<\/p>\n<p class=\"p1\">\nAS CANTADEIRAS DE LISBOA<br \/>\nFERNANDO FARINHA<br \/>\nERC\u00cdLIA COSTA<br \/>\nARMANDINHO<br \/>\nHERM\u00cdNIA SILVA<br \/>\nVOZES E SONS DE COIMBRA<\/p>\n<p class=\"p1 uppercase\"><strong>AS CANTADEIRAS DE LISBOA<\/strong><\/p>\n<p class=\"p1\">Fado becomes highly popular mainly in the 30s, through the decisive contribution of all the singers, both male and female, who were able to dignify it and interpret it with brilliance. Lisbon&#8217;s cantadeiras (female singers) carved their names in the History of Fado, many of them leading brilliant careers and becoming true idols for countless fans, while managing to increase the amount of fado lovers.<\/p>\n<p class=\"p1\">Here are the stories of some of them, with the stand outs of Dina Tereza, Maria Silva (Mariasinha), Ermelinda Vit\u00f3ria, Maria Em\u00edlia Ferreira, Maria do Carmo, Celestina Lu\u00edsa, Adelina Fernandes, Maria do Carmo Torres and Madalena de Melo.<\/p>\n<p class=\"p1\"><strong>FERNANDO FARINHA<\/strong><\/p>\n<p class=\"p1\">He&#8217;s one of the most emblematic voices in the history of fado.<\/p>\n<p class=\"p1\">He started singing at a very young age and would become known as \u201cthe kid from Bica\u201d. At only six years old, Fernando Farinha was already singing for his school colleages and his neighbours, who loved listening to him, and he liked to imitate Filipe Pinto and Alfredo Marceneiro, two of the fado greats back then, both in style and gesture.<\/p>\n<p class=\"p1\">He was only 11 years old when he recorded his first record. As we listen to his recordings, released in the first quarter of the 20<span class=\"s1\"><sup>th<\/sup><\/span> century and included on this CD, it&#8217;s easy to recognize the virtues of this great fado interpreter, whose voice never lost its very personal tone and style that have always characterized him. The Portuguese have always recognized these virtues with warm aplause, appreciation and admiration.<\/p>\n<p class=\"p1\"><strong>ERC\u00cdLIA COSTA<\/strong><\/p>\n<p class=\"p1\">Erc\u00edlia Costa was Fado&#8217;s first great star, the most international one in 20<span class=\"s1\"><sup>th<\/sup><\/span> century&#8217;s decade of 1930.<\/p>\n<p class=\"p1\">She participated in the first radio broadcasts that took place at CT1AA, of Portuguese radio amateur Ab\u00edlio Nunes dos Santos J\u00fanior, located in the Armaz\u00e9ns do Chiado, in Lisboa, from 1925 onwards. Back then Erc\u00edlia was already nationally famous. Her countless fans named her \u201cThe Saint of Fado\u201d, for her personality and stage presence, because while singing she always had her hands in a praying position.<\/p>\n<p class=\"p1\">Erc\u00edlia&#8217;s career as a fado singer in theater began in 1927, at Teatro da Trindade, where she sang with Alberto Reis.<\/p>\n<p class=\"p1\"><strong>ARMANDINHO<\/strong><\/p>\n<p class=\"p1\">Portuguese guitar has long been tied to the universe of Portuguese popular music. The guitarists were the first to write new music, discover and rehearse new talents and direct the aesthetic landscape of urban songs. With this album we suggest listeners hear one of the greatest figures of portuguese guitar and fado, considered unanimously as such.<\/p>\n<p class=\"p1\">Armando Augusto Freire, better known by his nickname and artistic name of Armandinho, was born on October 11<span class=\"s1\"><sup>th<\/sup><\/span> 1891 and played with all of his great contemporaries in fado and theatre, like Am\u00e1lia Rodrigues; Alfredo Marceneiro, who debuted his Fado do Estoril; Joaquim Campos; Maria do Carmo (1894 \u2013 1964); Jos\u00e9 Porf\u00edrio (1909 \u2013 1940); Renato Varela (1909 \u2013 1946); Maria Em\u00edlia Ferreira (1896 \u2013 1941), among others. He played with them in clubs, theatre parties, casas de fado and all sorts of occasion. Some of his fados and many of the variations he did are still an essential part of the genre&#8217;s common repertoire these days, his timeless quality still earning praise.<\/p>\n<p class=\"p1\"><strong>HERM\u00cdNIA SILVA<\/strong><\/p>\n<p class=\"p1\">Herm\u00ednia Silva was undisputably an idol of the people, who elected her, loved her and worshiped her \u2013 and she fully reciprocated. She was a successful fado singer on the theater, where she was often the headliner, and she conquered the crowds with her funny performances, her witty remarks, the pitoresque language she used on stage and at the \u201crevista\u201d plays she performed, where she sang fados loved by the audience.<\/p>\n<p class=\"p1\">Throughout her carrer she got several invitations to travel abroad but was always very reluctant about leaving Portugal. Thanks to Beatriz Costa she went to Brazil, where she was incredibly successful, but she didn&#8217;t want to stay long as she missed her son and Lisbon.<\/p>\n<p class=\"p1\"><strong>VOZES E SONS DE COIMBRA<\/strong><\/p>\n<p class=\"p1\">Can\u00e7\u00e3o de Coimbra (Song of Coimbra) is an expressive artistic genre born in the 19<span class=\"s1\"><sup>th<\/sup><\/span> century and consolidated in the 20<span class=\"s1\"><sup>th<\/sup><\/span> century that is deeply embedded in the city&#8217;s academic and popular universe. Among students, it becomes alive through rites as the serenata, stage and saloon recitals and vocal and instrumental performances. It&#8217;s associated with a sonic landscape highly bounded by airy vocals and the sound of Coimbra&#8217;s guitar.<\/p>\n<p class=\"p1\">The five performers selected on this CD &#8211; Ant\u00f3nio Menano, Paradela de Oliveira, Lucas Junot, Ant\u00f3nio Batoque e Edmundo Bettencourt \u2013 are just a small sample when compared to the high number of junior and senior artists who were active in \u201cCoimbra&#8217;s sonic galaxy\u201d of the roaring 20s. Many of them also left recordings that we consider highly relevant for building a Portuguse sonic arquive.<\/p>\n<p class=\"p1\"><strong>Vinyl Record (LP) \u2013 AM\u00c1LIA \u2013 OS MAIORES \u00caXITOS<\/strong><\/p>\n<p class=\"p1\">To end this tribute to Am\u00e1lia Rodrigues on a high note, it seemed right to follow this release with the format that served as an inspiration for this endeavour: a vinyl record. This record necessarily features a set of songs that were essential to establish Am\u00e1lia&#8217;s discography.<\/p>\n<p class=\"p1\">On the history of the Portuguese discography there&#8217;s an undisputed higlight: the famous recording sessions in Valentim de Carvalho on the old Teatro Taborda, in Costa do Castelo, in the early 60s. This is also the crucial moment on Am\u00e1lia&#8217;s discography when she met composer Alain Oulman and many other great poets.<\/p>\n<p class=\"p1\">These mytical sessions produced very important records: \u201cDisco do Busto\u201d, \u201cFor Your Delight\u201d and \u201cAm\u00e1lia, 1963\u201d, along with two songs: Eu Queria Cantar-te um Fado, released on the EP \u201cMadrugada de Alfama\u201d, and an unreleased song, Fado da Bica, already released on the record \u201cAm\u00e1lia no Caf\u00e9 Luso\u201d, here on a new version for Carlos Conde e Jaime Santos&#8217; composition.<\/p>\n","protected":false},"excerpt":{"rendered":"<p class=\"p1\">Hardcover book with dust jacket, 10 x 10 inches, 320 pages in 170 gr coated paper, profusely illustrated, including two CD<\/p>\n","protected":false},"featured_media":16771,"template":"","meta":[],"product_brand":[],"product_cat":[353,342],"product_tag":[],"class_list":{"0":"post-12676","1":"product","2":"type-product","3":"status-publish","4":"has-post-thumbnail","6":"product_cat-edicoes-especiais-tradisom-en","7":"product_cat-tradisom-en","9":"first","10":"instock","11":"shipping-taxable","12":"purchasable","13":"product-type-simple"},"_links":{"self":[{"href":"https:\/\/tradisom.com\/en\/wp-json\/wp\/v2\/product\/12676","targetHints":{"allow":["GET"]}}],"collection":[{"href":"https:\/\/tradisom.com\/en\/wp-json\/wp\/v2\/product"}],"about":[{"href":"https:\/\/tradisom.com\/en\/wp-json\/wp\/v2\/types\/product"}],"wp:featuredmedia":[{"embeddable":true,"href":"https:\/\/tradisom.com\/en\/wp-json\/wp\/v2\/media\/16771"}],"wp:attachment":[{"href":"https:\/\/tradisom.com\/en\/wp-json\/wp\/v2\/media?parent=12676"}],"wp:term":[{"taxonomy":"product_brand","embeddable":true,"href":"https:\/\/tradisom.com\/en\/wp-json\/wp\/v2\/product_brand?post=12676"},{"taxonomy":"product_cat","embeddable":true,"href":"https:\/\/tradisom.com\/en\/wp-json\/wp\/v2\/product_cat?post=12676"},{"taxonomy":"product_tag","embeddable":true,"href":"https:\/\/tradisom.com\/en\/wp-json\/wp\/v2\/product_tag?post=12676"}],"curies":[{"name":"wp","href":"https:\/\/api.w.org\/{rel}","templated":true}]}}

CENTENÁRIO DO NASCIMENTO DE AMÁLIA RODRIGUES (1920/2020) &#8211; Coleção Amália no Mundo

<p class="p1"><b>CENTENÁRIO DO NASCIMENTO DE AMÁLIA RODRIGUES (1920/2020)</b></p>
<p class="p1 uppercase"><b>Coleção Amália no Mundo</b></p>
<p class="p2 uppercase"><strong>1000 NUMBERED COPIES</strong></p>
<p class="p1">Tradisom Cultural Productions is proud to present AMÁLIA NO MUNDO – MEMÓRIAS DO FADO (Amália no Mundo – Memories of Fado), a special edition destined to prove the universality of the great fado Diva and to celebrate the 100<span class="s1"><sup>th</sup></span> birthday of fado&#8217;s greatest personality.</p>
<p class="p1">This colection consists of a silk lined box including:</p>
<p>› A hard cover book titled Amália no Mundo – Sinais de uma Vida nos Sulcos do Vinil.<br />
› A colection of six books/CDs titled Memórias do Fado, featuring historial recordings of fado&#8217;s main interpreters, who have turned this musical genre into the so called national song, recently declared by Unesco as Intangible Heritage of Humanity.</p>
<p class="p1">› One LP (vinyl record) titled Amália – Os maiores êxitos, with the most emblematic of Amália Rodrigues&#8217; interpretations.</p>
<p class="p1">Despite the profusion of records and books released about Amália Rodrigues for the last decades and especially after her death in 1999, we were certain we would be able to offer something unreleased.</p>
<p class="p1">Indeed, this release – the book alone features about 600 images – introduces us to the history of Amália Rodrigues&#8217; discography and her musical career all across the world, through the covers of the vinyl records she released over the span of five decades, bringing her music to every continent.</p>
<p class="p1">Book features:</p>
<p class="p1">Hardcover book with dust jacket, 10 x 10 inches, 320 pages in 170 gr coated paper, profusely illustrated, including two CD.</p>
<p class="p1">CD 1: On this CD you can find a set of flamenco performances typical of Amália&#8217;s early years. These are all mytical recordings, from Ojos Verdes e Los Piconeros, hits that she recorded in Brazil in 1945, to classics sung in Spanish, in 78&#8221;, like the Abbey Road ones, from 1953, the New York LP (“Fado and Flamenco”) and a few from Paris. These recordings shed some light on the “gypsier” profile of an artist that has always considered herself as an “Iberian singer”.</p>
<p>CD 2: Also looking to collect the songs of Amália&#8217;s international repertoire, this second album includes songs interpreted in other languages, from the period from 1958 to 1960, when Amália was recording for the label Ducretet Thomson.From the record “Amália Chante en Français” we highlight an emblematic song, “Aïe Mourir Pour Toi”, written for her by Charles Aznavour, among many other tracks featured here.</p>
<p class="p1">Set of six books/CDs (hardcover book with a CD) featuring historical recordings taken from José Moça&#8217;s collection of 78 rpm records, the largest in Portugal.</p>
<p class="p1">These recordings all date back to the first decades of the 20<span class="s1"><sup>th</sup></span> century and have been transcribed and remasterized by one of the best techicians in the world, the Galician José Navia.</p>
<p class="p1">The set of books/CDs features the following titles:</p>
<p class="p1">
AS CANTADEIRAS DE LISBOA<br />
FERNANDO FARINHA<br />
ERCÍLIA COSTA<br />
ARMANDINHO<br />
HERMÍNIA SILVA<br />
VOZES E SONS DE COIMBRA</p>
<p class="p1 uppercase"><strong>AS CANTADEIRAS DE LISBOA</strong></p>
<p class="p1">Fado becomes highly popular mainly in the 30s, through the decisive contribution of all the singers, both male and female, who were able to dignify it and interpret it with brilliance. Lisbon&#8217;s cantadeiras (female singers) carved their names in the History of Fado, many of them leading brilliant careers and becoming true idols for countless fans, while managing to increase the amount of fado lovers.</p>
<p class="p1">Here are the stories of some of them, with the stand outs of Dina Tereza, Maria Silva (Mariasinha), Ermelinda Vitória, Maria Emília Ferreira, Maria do Carmo, Celestina Luísa, Adelina Fernandes, Maria do Carmo Torres and Madalena de Melo.</p>
<p class="p1"><strong>FERNANDO FARINHA</strong></p>
<p class="p1">He&#8217;s one of the most emblematic voices in the history of fado.</p>
<p class="p1">He started singing at a very young age and would become known as “the kid from Bica”. At only six years old, Fernando Farinha was already singing for his school colleages and his neighbours, who loved listening to him, and he liked to imitate Filipe Pinto and Alfredo Marceneiro, two of the fado greats back then, both in style and gesture.</p>
<p class="p1">He was only 11 years old when he recorded his first record. As we listen to his recordings, released in the first quarter of the 20<span class="s1"><sup>th</sup></span> century and included on this CD, it&#8217;s easy to recognize the virtues of this great fado interpreter, whose voice never lost its very personal tone and style that have always characterized him. The Portuguese have always recognized these virtues with warm aplause, appreciation and admiration.</p>
<p class="p1"><strong>ERCÍLIA COSTA</strong></p>
<p class="p1">Ercília Costa was Fado&#8217;s first great star, the most international one in 20<span class="s1"><sup>th</sup></span> century&#8217;s decade of 1930.</p>
<p class="p1">She participated in the first radio broadcasts that took place at CT1AA, of Portuguese radio amateur Abílio Nunes dos Santos Júnior, located in the Armazéns do Chiado, in Lisboa, from 1925 onwards. Back then Ercília was already nationally famous. Her countless fans named her “The Saint of Fado”, for her personality and stage presence, because while singing she always had her hands in a praying position.</p>
<p class="p1">Ercília&#8217;s career as a fado singer in theater began in 1927, at Teatro da Trindade, where she sang with Alberto Reis.</p>
<p class="p1"><strong>ARMANDINHO</strong></p>
<p class="p1">Portuguese guitar has long been tied to the universe of Portuguese popular music. The guitarists were the first to write new music, discover and rehearse new talents and direct the aesthetic landscape of urban songs. With this album we suggest listeners hear one of the greatest figures of portuguese guitar and fado, considered unanimously as such.</p>
<p class="p1">Armando Augusto Freire, better known by his nickname and artistic name of Armandinho, was born on October 11<span class="s1"><sup>th</sup></span> 1891 and played with all of his great contemporaries in fado and theatre, like Amália Rodrigues; Alfredo Marceneiro, who debuted his Fado do Estoril; Joaquim Campos; Maria do Carmo (1894 – 1964); José Porfírio (1909 – 1940); Renato Varela (1909 – 1946); Maria Emília Ferreira (1896 – 1941), among others. He played with them in clubs, theatre parties, casas de fado and all sorts of occasion. Some of his fados and many of the variations he did are still an essential part of the genre&#8217;s common repertoire these days, his timeless quality still earning praise.</p>
<p class="p1"><strong>HERMÍNIA SILVA</strong></p>
<p class="p1">Hermínia Silva was undisputably an idol of the people, who elected her, loved her and worshiped her – and she fully reciprocated. She was a successful fado singer on the theater, where she was often the headliner, and she conquered the crowds with her funny performances, her witty remarks, the pitoresque language she used on stage and at the “revista” plays she performed, where she sang fados loved by the audience.</p>
<p class="p1">Throughout her carrer she got several invitations to travel abroad but was always very reluctant about leaving Portugal. Thanks to Beatriz Costa she went to Brazil, where she was incredibly successful, but she didn&#8217;t want to stay long as she missed her son and Lisbon.</p>
<p class="p1"><strong>VOZES E SONS DE COIMBRA</strong></p>
<p class="p1">Canção de Coimbra (Song of Coimbra) is an expressive artistic genre born in the 19<span class="s1"><sup>th</sup></span> century and consolidated in the 20<span class="s1"><sup>th</sup></span> century that is deeply embedded in the city&#8217;s academic and popular universe. Among students, it becomes alive through rites as the serenata, stage and saloon recitals and vocal and instrumental performances. It&#8217;s associated with a sonic landscape highly bounded by airy vocals and the sound of Coimbra&#8217;s guitar.</p>
<p class="p1">The five performers selected on this CD &#8211; António Menano, Paradela de Oliveira, Lucas Junot, António Batoque e Edmundo Bettencourt – are just a small sample when compared to the high number of junior and senior artists who were active in “Coimbra&#8217;s sonic galaxy” of the roaring 20s. Many of them also left recordings that we consider highly relevant for building a Portuguse sonic arquive.</p>
<p class="p1"><strong>Vinyl Record (LP) – AMÁLIA – OS MAIORES ÊXITOS</strong></p>
<p class="p1">To end this tribute to Amália Rodrigues on a high note, it seemed right to follow this release with the format that served as an inspiration for this endeavour: a vinyl record. This record necessarily features a set of songs that were essential to establish Amália&#8217;s discography.</p>
<p class="p1">On the history of the Portuguese discography there&#8217;s an undisputed higlight: the famous recording sessions in Valentim de Carvalho on the old Teatro Taborda, in Costa do Castelo, in the early 60s. This is also the crucial moment on Amália&#8217;s discography when she met composer Alain Oulman and many other great poets.</p>
<p class="p1">These mytical sessions produced very important records: “Disco do Busto”, “For Your Delight” and “Amália, 1963”, along with two songs: Eu Queria Cantar-te um Fado, released on the EP “Madrugada de Alfama”, and an unreleased song, Fado da Bica, already released on the record “Amália no Café Luso”, here on a new version for Carlos Conde e Jaime Santos&#8217; composition.</p>
